{"id":15,"date":"2024-06-06T15:40:51","date_gmt":"2024-06-06T13:40:51","guid":{"rendered":"https:\/\/remi-junquera.com\/?page_id=15"},"modified":"2024-08-07T20:34:53","modified_gmt":"2024-08-07T18:34:53","slug":"services","status":"publish","type":"page","link":"https:\/\/remi-junquera.com\/index.php\/services\/","title":{"rendered":"Services"},"content":{"rendered":"\n<div class=\"wp-block-cover alignfull has-parallax wp-duotone-unset-1\" style=\"padding-top:17%;padding-bottom:3rem;min-height:801px;aspect-ratio:unset;\"><span aria-hidden=\"true\" class=\"wp-block-cover__background has-black-background-color has-background-dim-40 has-background-dim\"><\/span><div role=\"img\" aria-label=\"green leafed plant\" class=\"wp-block-cover__image-background wp-image-334 has-parallax\" style=\"background-position:50% 50%;background-image:url(https:\/\/remi-junquera.com\/wp-content\/uploads\/2024\/06\/pexels-photo-212932.jpeg)\"><\/div><div class=\"wp-block-cover__inner-container has-global-padding is-layout-constrained wp-container-core-cover-is-layout-1 wp-block-cover-is-layout-constrained\">\n<div class=\"wp-block-group has-global-padding is-layout-constrained wp-block-group-is-layout-constrained\" style=\"min-height:520px\">\n<h1 class=\"wp-block-heading has-text-align-center\">SERVICES<\/h1>\n<\/div>\n<\/div><\/div>\n\n\n\n<div style=\"height:58px;width:9px\" aria-hidden=\"true\" class=\"wp-block-spacer\"><\/div>\n\n\n\n<div class=\"wp-block-columns alignwide is-layout-flex wp-container-core-columns-is-layout-1 wp-block-columns-is-layout-flex\">\n<div class=\"wp-block-column is-layout-flow wp-block-column-is-layout-flow\">\n<figure class=\"wp-block-image alignright size-full is-resized hvr-grow\"><a href=\"https:\/\/remi-junquera.com\/index.php\/amo\/\"><img fetchpriority=\"high\" decoding=\"async\" width=\"695\" height=\"695\" src=\"https:\/\/remi-junquera.com\/wp-content\/uploads\/2024\/08\/picto_mains1.png\" alt=\"\" class=\"wp-image-1161\" style=\"width:378px;height:auto\" srcset=\"https:\/\/remi-junquera.com\/wp-content\/uploads\/2024\/08\/picto_mains1.png 695w, https:\/\/remi-junquera.com\/wp-content\/uploads\/2024\/08\/picto_mains1-300x300.png 300w, https:\/\/remi-junquera.com\/wp-content\/uploads\/2024\/08\/picto_mains1-150x150.png 150w\" sizes=\"(max-width: 695px) 100vw, 695px\" \/><\/a><\/figure>\n<\/div>\n\n\n\n<div class=\"wp-block-column is-layout-flow wp-block-column-is-layout-flow\">\n<h2 class=\"wp-block-heading\" style=\"font-size:clamp(20.515px, 1.282rem + ((1vw - 3.2px) * 1.419), 33px);\">Assistance <br>\u00e0 ma\u00eetrise d&rsquo;ouvrage<\/h2>\n\n\n\n<hr class=\"wp-block-separator has-alpha-channel-opacity is-style-wide\"\/>\n\n\n\n<p>Mon r\u00f4le en tant qu\u2019expert consiste \u00e0 vous fournir toutes les comp\u00e9tences n\u00e9cessaires pour la mise en place de votre projet. <br><br>Vous aurez un interlocuteur unique \u00e0 votre \u00e9coute, <br>pour vous accompagner, vous conseiller et r\u00e9aliser les \u00e9tudes. <br><br>Mes missions regroupent&nbsp;tous les services que vous pourriez attendre d\u2019un architecte, d\u2019un urbaniste et d\u2019un bureau d\u2019\u00e9tude sp\u00e9cialis\u00e9 en agriculture urbaine.<\/p>\n<\/div>\n<\/div>\n\n\n\n<div style=\"height:58px;width:9px\" aria-hidden=\"true\" class=\"wp-block-spacer\"><\/div>\n\n\n\n<div class=\"wp-block-group alignfull has-background has-global-padding is-layout-constrained wp-block-group-is-layout-constrained\" style=\"background-color:#092a15\">\n<div style=\"height:58px;width:9px\" aria-hidden=\"true\" class=\"wp-block-spacer\"><\/div>\n\n\n\n<div class=\"wp-block-columns alignwide is-layout-flex wp-container-core-columns-is-layout-2 wp-block-columns-is-layout-flex\">\n<div class=\"wp-block-column is-layout-flow wp-block-column-is-layout-flow\">\n<figure class=\"wp-block-image alignright size-full is-resized hvr-grow\"><a href=\"https:\/\/remi-junquera.com\/index.php\/amoe\/\"><img decoding=\"async\" width=\"695\" height=\"695\" src=\"https:\/\/remi-junquera.com\/wp-content\/uploads\/2024\/08\/picto_dessin1_vert2.png\" alt=\"\" class=\"wp-image-1177\" style=\"aspect-ratio:1;object-fit:cover;width:370px\" srcset=\"https:\/\/remi-junquera.com\/wp-content\/uploads\/2024\/08\/picto_dessin1_vert2.png 695w, https:\/\/remi-junquera.com\/wp-content\/uploads\/2024\/08\/picto_dessin1_vert2-300x300.png 300w, https:\/\/remi-junquera.com\/wp-content\/uploads\/2024\/08\/picto_dessin1_vert2-150x150.png 150w\" sizes=\"(max-width: 695px) 100vw, 695px\" \/><\/a><\/figure>\n<\/div>\n\n\n\n<div class=\"wp-block-column is-layout-flow wp-block-column-is-layout-flow\">\n<h2 class=\"wp-block-heading has-text-align-left has-text-color has-link-color wp-elements-d5a9aa65238dcb0bfc86ed83ebae58a5\" style=\"color:#ffffff;font-size:clamp(20.515px, 1.282rem + ((1vw - 3.2px) * 1.419), 33px);\">Assistance <br>\u00e0 ma\u00eetrise d&rsquo;\u0153uvre<\/h2>\n\n\n\n<hr class=\"wp-block-separator has-text-color has-alpha-channel-opacity has-background is-style-wide\" style=\"background-color:#ffffff;color:#ffffff\"\/>\n\n\n\n<p class=\"has-text-align-left has-text-color has-link-color has-roboto-font-family wp-elements-2568b454e58add9d057fbad27666e06c\" style=\"color:#ffffff;font-size:clamp(14px, 0.875rem + ((1vw - 3.2px) * 0.455), 18px);font-style:normal;font-weight:400\">Mon r\u00f4le consiste \u00e9galement \u00e0 accompagner <br>tous les concepteurs dans leurs d\u00e9marches de projets agricoles.<br><br>Vous aurez dans votre \u00e9quipe un professionnel exp\u00e9riment\u00e9, pluridisciplinaire, qui partage votre vocabulaire, <br>comprend rapidement les contraintes <br>pour y r\u00e9pondre de mani\u00e8re efficace.<br><\/p>\n<\/div>\n<\/div>\n\n\n\n<div style=\"height:58px;width:9px\" aria-hidden=\"true\" class=\"wp-block-spacer\"><\/div>\n<\/div>\n\n\n\n<div style=\"height:58px;width:9px\" aria-hidden=\"true\" class=\"wp-block-spacer\"><\/div>\n\n\n\n<div class=\"wp-block-columns alignwide is-layout-flex wp-container-core-columns-is-layout-3 wp-block-columns-is-layout-flex\">\n<div class=\"wp-block-column is-layout-flow wp-block-column-is-layout-flow\">\n<figure class=\"wp-block-image alignright size-full is-resized hvr-grow\"><a href=\"https:\/\/remi-junquera.com\/index.php\/recherche\/\"><img decoding=\"async\" width=\"695\" height=\"695\" src=\"https:\/\/remi-junquera.com\/wp-content\/uploads\/2024\/08\/picto_recherche1.png\" alt=\"\" class=\"wp-image-1159\" style=\"aspect-ratio:1;object-fit:cover;width:370px\" srcset=\"https:\/\/remi-junquera.com\/wp-content\/uploads\/2024\/08\/picto_recherche1.png 695w, https:\/\/remi-junquera.com\/wp-content\/uploads\/2024\/08\/picto_recherche1-300x300.png 300w, https:\/\/remi-junquera.com\/wp-content\/uploads\/2024\/08\/picto_recherche1-150x150.png 150w\" sizes=\"(max-width: 695px) 100vw, 695px\" \/><\/a><\/figure>\n<\/div>\n\n\n\n<div class=\"wp-block-column is-layout-flow wp-block-column-is-layout-flow\">\n<h2 class=\"wp-block-heading has-text-align-left has-text-color has-link-color wp-elements-814cf928c1a5b94031b15f8e14ed72cf\" style=\"color:#000000;font-size:clamp(20.515px, 1.282rem + ((1vw - 3.2px) * 1.419), 33px);\">Recherche<\/h2>\n\n\n\n<hr class=\"wp-block-separator has-alpha-channel-opacity is-style-wide\"\/>\n\n\n\n<p class=\"has-text-align-left\" style=\"font-size:clamp(14px, 0.875rem + ((1vw - 3.2px) * 0.455), 18px);\">Depuis plusieurs d\u00e9cennies, l\u2019agriculture r\u00e9appara\u00eet en ville en apportant des dynamiques sociales, p\u00e9dagogiques, environnementales, \u00e9conomiques et alimentaires.&nbsp;<br><br>Avec elle, de nombreux questionnements restent en suspens et doivent \u00eatre abord\u00e9s de mani\u00e8re transversale. Ainsi, loin d\u2019un effet de mode, l\u2019agriculture urbaine est un sujet de recherche important pour qu\u2019elle puisse appara\u00eetre, se d\u00e9velopper et se p\u00e9renniser dans les meilleures conditions.<\/p>\n<\/div>\n<\/div>\n\n\n\n<div style=\"height:58px;width:9px\" aria-hidden=\"true\" class=\"wp-block-spacer\"><\/div>\n\n\n\n<div class=\"wp-block-group alignfull has-background has-global-padding is-layout-constrained wp-block-group-is-layout-constrained\" style=\"background-color:#092914\">\n<div style=\"height:58px;width:9px\" aria-hidden=\"true\" class=\"wp-block-spacer\"><\/div>\n\n\n\n<div class=\"wp-block-columns alignwide is-layout-flex wp-container-core-columns-is-layout-4 wp-block-columns-is-layout-flex\">\n<div class=\"wp-block-column is-layout-flow wp-block-column-is-layout-flow\">\n<figure class=\"wp-block-image alignright size-full is-resized hvr-grow\"><a href=\"https:\/\/remi-junquera.com\/index.php\/formation\/\"><img loading=\"lazy\" decoding=\"async\" width=\"695\" height=\"695\" src=\"https:\/\/remi-junquera.com\/wp-content\/uploads\/2024\/08\/picto_formation1_vert2.png\" alt=\"\" class=\"wp-image-1175\" style=\"aspect-ratio:1;object-fit:cover;width:370px\" srcset=\"https:\/\/remi-junquera.com\/wp-content\/uploads\/2024\/08\/picto_formation1_vert2.png 695w, https:\/\/remi-junquera.com\/wp-content\/uploads\/2024\/08\/picto_formation1_vert2-300x300.png 300w, https:\/\/remi-junquera.com\/wp-content\/uploads\/2024\/08\/picto_formation1_vert2-150x150.png 150w\" sizes=\"(max-width: 695px) 100vw, 695px\" \/><\/a><\/figure>\n<\/div>\n\n\n\n<div class=\"wp-block-column is-layout-flow wp-block-column-is-layout-flow\">\n<h2 class=\"wp-block-heading has-text-align-left has-text-color has-link-color wp-elements-a29f61cb7aeae842f0451caf41fa2c07\" style=\"color:#ffffff;font-size:clamp(20.515px, 1.282rem + ((1vw - 3.2px) * 1.419), 33px);\">Formation<\/h2>\n\n\n\n<hr class=\"wp-block-separator has-text-color has-alpha-channel-opacity has-background is-style-wide\" style=\"background-color:#ffffff;color:#ffffff\"\/>\n\n\n\n<p class=\"has-text-align-left has-text-color has-link-color wp-elements-ba0f2fc827129bf7e549e1f770d20759\" style=\"color:#ffffff\">La formation vise \u00e0 doter les participants des bases indispensables pour concevoir un projet agricole en milieu urbain. Elle enseigne une m\u00e9thode de projet bas\u00e9e sur l&rsquo;interdisciplinarit\u00e9 afin de proposer des solutions appropri\u00e9es.<\/p>\n\n\n\n<p class=\"has-text-align-left has-text-color has-link-color wp-elements-74869a3815c675bfc1df8bec998d5113\" style=\"color:#ffffff\">L&rsquo;objectif est de fournir aux participants les comp\u00e9tences \u00e9l\u00e9mentaires pour comprendre, promouvoir, concevoir et mettre en \u0153uvre des projets agricoles viables \u00e0 l&rsquo;\u00e9chelle urbaine et architecturale.<\/p>\n<\/div>\n<\/div>\n\n\n\n<div style=\"height:58px;width:9px\" aria-hidden=\"true\" class=\"wp-block-spacer\"><\/div>\n<\/div>\n","protected":false},"excerpt":{"rendered":"<p>Assistance \u00e0 ma\u00eetrise d&rsquo;ouvrage Mon r\u00f4le en tant qu\u2019expert consiste \u00e0 vous fournir toutes les comp\u00e9tences n\u00e9cessaires pour la mise en place de votre projet. Vous aurez un interlocuteur unique \u00e0 votre \u00e9coute, pour vous accompagner, vous conseiller et r\u00e9aliser les \u00e9tudes. Mes missions regroupent&nbsp;tous les services que vous pourriez attendre d\u2019un architecte, d\u2019un urbaniste [&hellip;]<\/p>\n","protected":false},"author":1,"featured_media":0,"parent":0,"menu_order":0,"comment_status":"closed","ping_status":"closed","template":"","meta":{"footnotes":""},"yoast_head":"<!-- This site is optimized with the Yoast SEO plugin v22.9 - https:\/\/yoast.com\/wordpress\/plugins\/seo\/ -->\n<title>Services | R\u00e9mi Junquera<\/title>\n<meta name=\"description\" content=\"R\u00e9mi Junquera vous propose des services d&#039;assistance \u00e0 ma\u00eetrise d&#039;ouvrage, d&#039;assistance \u00e0 ma\u00eetrise d&#039;\u0153uvre, de recherche scientifique et de formation.\" \/>\n<meta name=\"robots\" content=\"index, follow, max-snippet:-1, max-image-preview:large, max-video-preview:-1\" \/>\n<link rel=\"canonical\" href=\"https:\/\/remi-junquera.com\/index.php\/services\/\" \/>\n<meta property=\"og:locale\" content=\"fr_FR\" \/>\n<meta property=\"og:type\" content=\"article\" \/>\n<meta property=\"og:title\" content=\"Services | R\u00e9mi Junquera\" \/>\n<meta property=\"og:description\" content=\"R\u00e9mi Junquera vous propose des services d&#039;assistance \u00e0 ma\u00eetrise d&#039;ouvrage, d&#039;assistance \u00e0 ma\u00eetrise d&#039;\u0153uvre, de recherche scientifique et de formation.\" \/>\n<meta property=\"og:url\" content=\"https:\/\/remi-junquera.com\/index.php\/services\/\" \/>\n<meta property=\"og:site_name\" content=\"R\u00e9mi Junquera\" \/>\n<meta property=\"article:modified_time\" content=\"2024-08-07T18:34:53+00:00\" \/>\n<meta property=\"og:image\" content=\"https:\/\/remi-junquera.com\/wp-content\/uploads\/2024\/08\/picto_mains1.png\" \/>\n<meta name=\"twitter:card\" content=\"summary_large_image\" \/>\n<meta name=\"twitter:label1\" content=\"Dur\u00e9e de lecture estim\u00e9e\" \/>\n\t<meta name=\"twitter:data1\" content=\"2 minutes\" \/>\n<script type=\"application\/ld+json\" class=\"yoast-schema-graph\">{\"@context\":\"https:\/\/schema.org\",\"@graph\":[{\"@type\":\"WebPage\",\"@id\":\"https:\/\/remi-junquera.com\/index.php\/services\/\",\"url\":\"https:\/\/remi-junquera.com\/index.php\/services\/\",\"name\":\"Services | R\u00e9mi Junquera\",\"isPartOf\":{\"@id\":\"https:\/\/remi-junquera.com\/#website\"},\"primaryImageOfPage\":{\"@id\":\"https:\/\/remi-junquera.com\/index.php\/services\/#primaryimage\"},\"image\":{\"@id\":\"https:\/\/remi-junquera.com\/index.php\/services\/#primaryimage\"},\"thumbnailUrl\":\"https:\/\/remi-junquera.com\/wp-content\/uploads\/2024\/08\/picto_mains1.png\",\"datePublished\":\"2024-06-06T13:40:51+00:00\",\"dateModified\":\"2024-08-07T18:34:53+00:00\",\"description\":\"R\u00e9mi Junquera vous propose des services d'assistance \u00e0 ma\u00eetrise d'ouvrage, d'assistance \u00e0 ma\u00eetrise d'\u0153uvre, de recherche scientifique et de formation.\",\"breadcrumb\":{\"@id\":\"https:\/\/remi-junquera.com\/index.php\/services\/#breadcrumb\"},\"inLanguage\":\"fr-FR\",\"potentialAction\":[{\"@type\":\"ReadAction\",\"target\":[\"https:\/\/remi-junquera.com\/index.php\/services\/\"]}]},{\"@type\":\"ImageObject\",\"inLanguage\":\"fr-FR\",\"@id\":\"https:\/\/remi-junquera.com\/index.php\/services\/#primaryimage\",\"url\":\"https:\/\/remi-junquera.com\/wp-content\/uploads\/2024\/08\/picto_mains1.png\",\"contentUrl\":\"https:\/\/remi-junquera.com\/wp-content\/uploads\/2024\/08\/picto_mains1.png\",\"width\":695,\"height\":695},{\"@type\":\"BreadcrumbList\",\"@id\":\"https:\/\/remi-junquera.com\/index.php\/services\/#breadcrumb\",\"itemListElement\":[{\"@type\":\"ListItem\",\"position\":1,\"name\":\"Accueil\",\"item\":\"https:\/\/remi-junquera.com\/\"},{\"@type\":\"ListItem\",\"position\":2,\"name\":\"Services\"}]},{\"@type\":\"WebSite\",\"@id\":\"https:\/\/remi-junquera.com\/#website\",\"url\":\"https:\/\/remi-junquera.com\/\",\"name\":\"R\u00e9mi Junquera\",\"description\":\"Architecture Urbanisme Agriculture\",\"publisher\":{\"@id\":\"https:\/\/remi-junquera.com\/#organization\"},\"potentialAction\":[{\"@type\":\"SearchAction\",\"target\":{\"@type\":\"EntryPoint\",\"urlTemplate\":\"https:\/\/remi-junquera.com\/?s={search_term_string}\"},\"query-input\":\"required name=search_term_string\"}],\"inLanguage\":\"fr-FR\"},{\"@type\":\"Organization\",\"@id\":\"https:\/\/remi-junquera.com\/#organization\",\"name\":\"R\u00e9mi Junquera\",\"url\":\"https:\/\/remi-junquera.com\/\",\"logo\":{\"@type\":\"ImageObject\",\"inLanguage\":\"fr-FR\",\"@id\":\"https:\/\/remi-junquera.com\/#\/schema\/logo\/image\/\",\"url\":\"https:\/\/remi-junquera.com\/wp-content\/uploads\/2024\/06\/logo-Remi-Junquera-HD.png\",\"contentUrl\":\"https:\/\/remi-junquera.com\/wp-content\/uploads\/2024\/06\/logo-Remi-Junquera-HD.png\",\"width\":4430,\"height\":947,\"caption\":\"R\u00e9mi Junquera\"},\"image\":{\"@id\":\"https:\/\/remi-junquera.com\/#\/schema\/logo\/image\/\"},\"sameAs\":[\"http:\/\/linkedin.com\/in\/r\u00e9mi-junquera\"]}]}<\/script>\n<!-- \/ Yoast SEO plugin. -->","yoast_head_json":{"title":"Services | R\u00e9mi Junquera","description":"R\u00e9mi Junquera vous propose des services d'assistance \u00e0 ma\u00eetrise d'ouvrage, d'assistance \u00e0 ma\u00eetrise d'\u0153uvre, de recherche scientifique et de formation.","robots":{"index":"index","follow":"follow","max-snippet":"max-snippet:-1","max-image-preview":"max-image-preview:large","max-video-preview":"max-video-preview:-1"},"canonical":"https:\/\/remi-junquera.com\/index.php\/services\/","og_locale":"fr_FR","og_type":"article","og_title":"Services | R\u00e9mi Junquera","og_description":"R\u00e9mi Junquera vous propose des services d'assistance \u00e0 ma\u00eetrise d'ouvrage, d'assistance \u00e0 ma\u00eetrise d'\u0153uvre, de recherche scientifique et de formation.","og_url":"https:\/\/remi-junquera.com\/index.php\/services\/","og_site_name":"R\u00e9mi Junquera","article_modified_time":"2024-08-07T18:34:53+00:00","og_image":[{"url":"https:\/\/remi-junquera.com\/wp-content\/uploads\/2024\/08\/picto_mains1.png"}],"twitter_card":"summary_large_image","twitter_misc":{"Dur\u00e9e de lecture estim\u00e9e":"2 minutes"},"schema":{"@context":"https:\/\/schema.org","@graph":[{"@type":"WebPage","@id":"https:\/\/remi-junquera.com\/index.php\/services\/","url":"https:\/\/remi-junquera.com\/index.php\/services\/","name":"Services | R\u00e9mi Junquera","isPartOf":{"@id":"https:\/\/remi-junquera.com\/#website"},"primaryImageOfPage":{"@id":"https:\/\/remi-junquera.com\/index.php\/services\/#primaryimage"},"image":{"@id":"https:\/\/remi-junquera.com\/index.php\/services\/#primaryimage"},"thumbnailUrl":"https:\/\/remi-junquera.com\/wp-content\/uploads\/2024\/08\/picto_mains1.png","datePublished":"2024-06-06T13:40:51+00:00","dateModified":"2024-08-07T18:34:53+00:00","description":"R\u00e9mi Junquera vous propose des services d'assistance \u00e0 ma\u00eetrise d'ouvrage, d'assistance \u00e0 ma\u00eetrise d'\u0153uvre, de recherche scientifique et de formation.","breadcrumb":{"@id":"https:\/\/remi-junquera.com\/index.php\/services\/#breadcrumb"},"inLanguage":"fr-FR","potentialAction":[{"@type":"ReadAction","target":["https:\/\/remi-junquera.com\/index.php\/services\/"]}]},{"@type":"ImageObject","inLanguage":"fr-FR","@id":"https:\/\/remi-junquera.com\/index.php\/services\/#primaryimage","url":"https:\/\/remi-junquera.com\/wp-content\/uploads\/2024\/08\/picto_mains1.png","contentUrl":"https:\/\/remi-junquera.com\/wp-content\/uploads\/2024\/08\/picto_mains1.png","width":695,"height":695},{"@type":"BreadcrumbList","@id":"https:\/\/remi-junquera.com\/index.php\/services\/#breadcrumb","itemListElement":[{"@type":"ListItem","position":1,"name":"Accueil","item":"https:\/\/remi-junquera.com\/"},{"@type":"ListItem","position":2,"name":"Services"}]},{"@type":"WebSite","@id":"https:\/\/remi-junquera.com\/#website","url":"https:\/\/remi-junquera.com\/","name":"R\u00e9mi Junquera","description":"Architecture Urbanisme Agriculture","publisher":{"@id":"https:\/\/remi-junquera.com\/#organization"},"potentialAction":[{"@type":"SearchAction","target":{"@type":"EntryPoint","urlTemplate":"https:\/\/remi-junquera.com\/?s={search_term_string}"},"query-input":"required name=search_term_string"}],"inLanguage":"fr-FR"},{"@type":"Organization","@id":"https:\/\/remi-junquera.com\/#organization","name":"R\u00e9mi Junquera","url":"https:\/\/remi-junquera.com\/","logo":{"@type":"ImageObject","inLanguage":"fr-FR","@id":"https:\/\/remi-junquera.com\/#\/schema\/logo\/image\/","url":"https:\/\/remi-junquera.com\/wp-content\/uploads\/2024\/06\/logo-Remi-Junquera-HD.png","contentUrl":"https:\/\/remi-junquera.com\/wp-content\/uploads\/2024\/06\/logo-Remi-Junquera-HD.png","width":4430,"height":947,"caption":"R\u00e9mi Junquera"},"image":{"@id":"https:\/\/remi-junquera.com\/#\/schema\/logo\/image\/"},"sameAs":["http:\/\/linkedin.com\/in\/r\u00e9mi-junquera"]}]}},"jetpack_sharing_enabled":true,"_links":{"self":[{"href":"https:\/\/remi-junquera.com\/index.php\/wp-json\/wp\/v2\/pages\/15"}],"collection":[{"href":"https:\/\/remi-junquera.com\/index.php\/wp-json\/wp\/v2\/pages"}],"about":[{"href":"https:\/\/remi-junquera.com\/index.php\/wp-json\/wp\/v2\/types\/page"}],"author":[{"embeddable":true,"href":"https:\/\/remi-junquera.com\/index.php\/wp-json\/wp\/v2\/users\/1"}],"replies":[{"embeddable":true,"href":"https:\/\/remi-junquera.com\/index.php\/wp-json\/wp\/v2\/comments?post=15"}],"version-history":[{"count":54,"href":"https:\/\/remi-junquera.com\/index.php\/wp-json\/wp\/v2\/pages\/15\/revisions"}],"predecessor-version":[{"id":1209,"href":"https:\/\/remi-junquera.com\/index.php\/wp-json\/wp\/v2\/pages\/15\/revisions\/1209"}],"wp:attachment":[{"href":"https:\/\/remi-junquera.com\/index.php\/wp-json\/wp\/v2\/media?parent=15"}],"curies":[{"name":"wp","href":"https:\/\/api.w.org\/{rel}","templated":true}]}}