{"id":1659,"date":"2026-01-30T09:11:21","date_gmt":"2026-01-30T08:11:21","guid":{"rendered":"https:\/\/remi-junquera.com\/?page_id=1659"},"modified":"2026-01-30T09:11:23","modified_gmt":"2026-01-30T08:11:23","slug":"projet-agricole-a-miramas","status":"publish","type":"page","link":"https:\/\/remi-junquera.com\/index.php\/projet-agricole-a-miramas\/","title":{"rendered":"Projet agricole \u00e0 Miramas"},"content":{"rendered":"\n<div class=\"wp-block-cover alignfull has-parallax wp-duotone-unset-1\" style=\"padding-top:17%;padding-bottom:3rem;min-height:801px;aspect-ratio:unset;\"><span aria-hidden=\"true\" class=\"wp-block-cover__background has-black-background-color has-background-dim\"><\/span><div class=\"wp-block-cover__image-background wp-image-1660 has-parallax\" style=\"background-position:50% 50%;background-image:url(https:\/\/remi-junquera.com\/wp-content\/uploads\/2026\/01\/Capture-3.png)\"><\/div><div class=\"wp-block-cover__inner-container has-global-padding is-layout-constrained wp-container-core-cover-is-layout-1 wp-block-cover-is-layout-constrained\">\n<div class=\"wp-block-group has-global-padding is-layout-constrained wp-block-group-is-layout-constrained\" style=\"min-height:520px\">\n<h1 class=\"wp-block-heading alignwide has-text-align-center\">Projet agricole <br>\u00e0 Miramas<\/h1>\n<\/div>\n<\/div><\/div>\n\n\n\n<div class=\"wp-block-group alignfull has-background has-global-padding is-layout-constrained wp-block-group-is-layout-constrained\" style=\"background-color:#ffffff\">\n<div style=\"height:58px\" aria-hidden=\"true\" class=\"wp-block-spacer\"><\/div>\n\n\n\n<h4 class=\"wp-block-heading alignwide has-text-align-center has-text-color has-link-color wp-elements-ec29d6d1bf96dbc4bcc0dc8e33365434\" style=\"color:#000000\">\u00ab int\u00e9grer des pratiques agricoles dans le quartier Maille 1\u00bb<\/h4>\n\n\n\n<div style=\"height:58px\" aria-hidden=\"true\" class=\"wp-block-spacer\"><\/div>\n<\/div>\n\n\n\n<figure class=\"wp-block-image alignwide size-full has-custom-border\"><img fetchpriority=\"high\" decoding=\"async\" width=\"2560\" height=\"1920\" src=\"https:\/\/remi-junquera.com\/wp-content\/uploads\/2026\/01\/20250514_122220-scaled.jpg\" alt=\"\" class=\"wp-image-1661\" style=\"border-style:none;border-width:0px\" srcset=\"https:\/\/remi-junquera.com\/wp-content\/uploads\/2026\/01\/20250514_122220-scaled.jpg 2560w, https:\/\/remi-junquera.com\/wp-content\/uploads\/2026\/01\/20250514_122220-300x225.jpg 300w, https:\/\/remi-junquera.com\/wp-content\/uploads\/2026\/01\/20250514_122220-1024x768.jpg 1024w, https:\/\/remi-junquera.com\/wp-content\/uploads\/2026\/01\/20250514_122220-768x576.jpg 768w, https:\/\/remi-junquera.com\/wp-content\/uploads\/2026\/01\/20250514_122220-1536x1152.jpg 1536w, https:\/\/remi-junquera.com\/wp-content\/uploads\/2026\/01\/20250514_122220-2048x1536.jpg 2048w\" sizes=\"(max-width: 2560px) 100vw, 2560px\" \/><\/figure>\n\n\n\n<div style=\"height:58px\" aria-hidden=\"true\" class=\"wp-block-spacer\"><\/div>\n\n\n\n<div class=\"wp-block-columns alignwide is-layout-flex wp-container-core-columns-is-layout-1 wp-block-columns-is-layout-flex\">\n<div class=\"wp-block-column is-layout-flow wp-block-column-is-layout-flow\">\n<p class=\"has-text-align-justify has-text-align-justify\">Men\u00e9e pour la Ville de Miramas, cette \u00e9tude pr\u00e9liminaire vise \u00e0 explorer <strong>les conditions d\u2019int\u00e9gration d\u2019une agriculture urbaine structurante au sein du projet de transformation du secteur des anciennes friches industrielles et ferroviaires<\/strong>. Elle s\u2019inscrit dans une strat\u00e9gie municipale plus large de renouvellement urbain, de transition \u00e9cologique et de relocalisation partielle de la production alimentaire, dans un contexte m\u00e9diterran\u00e9en marqu\u00e9 par de fortes contraintes climatiques et fonci\u00e8res.<\/p>\n\n\n\n<p class=\"has-text-align-justify\">L\u2019\u00e9tude d\u00e9bute par une <strong>analyse approfondie du site et de son environnement<\/strong> : caract\u00e9ristiques paysag\u00e8res et urbaines, accessibilit\u00e9, contraintes r\u00e9glementaires, risques, disponibilit\u00e9 fonci\u00e8re, ensoleillement et ressources en eau. Ce diagnostic met en \u00e9vidence <strong>un territoire fragment\u00e9<\/strong> mais <strong>disposant de r\u00e9serves fonci\u00e8res strat\u00e9giques<\/strong>, capables d\u2019accueillir des projets agricoles \u00e0 condition d\u2019une programmation fine et d\u2019une <strong>articulation \u00e9troite avec les futurs usages urbains<\/strong> (logements, \u00e9quipements, espaces publics).<\/p>\n<\/div>\n\n\n\n<div class=\"wp-block-column is-layout-flow wp-block-column-is-layout-flow\">\n<p class=\"has-text-align-justify has-text-align-justify\">Sur cette base, <strong>plusieurs sc\u00e9narios d\u2019agriculture urbaine sont d\u00e9velopp\u00e9s<\/strong>, allant de dispositifs agricoles l\u00e9gers int\u00e9gr\u00e9s aux espaces publics (jardins nourriciers, micro-parcelles productives), \u00e0 des projets plus structurants associant mara\u00eechage professionnel, espaces p\u00e9dagogiques et lieux de transformation ou de distribution. Chaque sc\u00e9nario est \u00e9valu\u00e9 selon des crit\u00e8res crois\u00e9s : faisabilit\u00e9 technique, besoins en investissement, impacts sociaux et paysagers, gouvernance, et capacit\u00e9 \u00e0 s\u2019inscrire dans le temps long.<\/p>\n\n\n\n<p class=\"has-text-align-justify has-text-align-justify\"><strong>L\u2019\u00e9tude souligne l\u2019int\u00e9r\u00eat d\u2019un mod\u00e8le hybride, combinant production agricole, fonctions p\u00e9dagogiques et ouverture au public<\/strong>, comme levier de requalification urbaine et de coh\u00e9sion sociale. L\u2019agriculture y est envisag\u00e9e non comme un simple usage transitoire, mais comme une v\u00e9ritable infrastructure territoriale, contribuant \u00e0 la r\u00e9silience alimentaire, \u00e0 l\u2019adaptation climatique et \u00e0 la qualit\u00e9 du cadre de vie. Cette \u00e9tude pr\u00e9liminaire constitue ainsi une base strat\u00e9gique pour <strong>orienter les choix programmatiques et op\u00e9rationnels de la collectivit\u00e9<\/strong> dans les phases ult\u00e9rieures du projet.<\/p>\n\n\n\n<div style=\"height:0px\" aria-hidden=\"true\" class=\"wp-block-spacer\"><\/div>\n\n\n\n<hr class=\"wp-block-separator has-alpha-channel-opacity is-style-wide\"\/>\n\n\n\n<p class=\"has-text-align-left\" style=\"font-size:clamp(14px, 0.875rem + ((1vw - 3.2px) * 0.114), 15px);line-height:2\"><em><strong>Programme<\/strong> : \u00e9tude pr\u00e9liminaire pour la d\u00e9finition d\u2019un projet d\u2019agriculture urbaine<\/em><br><em><strong>Lieu<\/strong> : Miramas (13)<br><strong>Ann\u00e9e <\/strong>: 2025<br><strong>MOA <\/strong>: Aix-Marseille-Provence M\u00e9tropole<br><strong>MOE <\/strong>: Cit\u00e9 de l&rsquo;Agriculture, TechnAU, R\u00e9mi Junquera<\/em>, <em>Cultures permanentes, SCP, Espelia<\/em><\/p>\n<\/div>\n<\/div>\n\n\n\n<div aria-hidden=\"true\" class=\"wp-block-spacer\"><\/div>\n\n\n\n<div style=\"height:58px\" aria-hidden=\"true\" class=\"wp-block-spacer\"><\/div>\n\n\n\n<hr class=\"wp-block-separator alignfull has-alpha-channel-opacity\"\/>\n","protected":false},"excerpt":{"rendered":"<p>\u00ab int\u00e9grer des pratiques agricoles dans le quartier Maille 1\u00bb Men\u00e9e pour la Ville de Miramas, cette \u00e9tude pr\u00e9liminaire vise \u00e0 explorer les conditions d\u2019int\u00e9gration d\u2019une agriculture urbaine structurante au sein du projet de transformation du secteur des anciennes friches industrielles et ferroviaires. Elle s\u2019inscrit dans une strat\u00e9gie municipale plus large de renouvellement urbain, de [&hellip;]<\/p>\n","protected":false},"author":1,"featured_media":0,"parent":0,"menu_order":0,"comment_status":"closed","ping_status":"closed","template":"","meta":{"footnotes":""},"yoast_head":"<!-- This site is optimized with the Yoast SEO plugin v22.9 - https:\/\/yoast.com\/wordpress\/plugins\/seo\/ -->\n<title>Projet agricole \u00e0 Miramas | R\u00e9mi Junquera<\/title>\n<meta name=\"robots\" content=\"index, follow, max-snippet:-1, max-image-preview:large, max-video-preview:-1\" \/>\n<link rel=\"canonical\" href=\"https:\/\/remi-junquera.com\/index.php\/projet-agricole-a-miramas\/\" \/>\n<meta property=\"og:locale\" content=\"fr_FR\" \/>\n<meta property=\"og:type\" content=\"article\" \/>\n<meta property=\"og:title\" content=\"Projet agricole \u00e0 Miramas | R\u00e9mi Junquera\" \/>\n<meta property=\"og:description\" content=\"\u00ab int\u00e9grer des pratiques agricoles dans le quartier Maille 1\u00bb Men\u00e9e pour la Ville de Miramas, cette \u00e9tude pr\u00e9liminaire vise \u00e0 explorer les conditions d\u2019int\u00e9gration d\u2019une agriculture urbaine structurante au sein du projet de transformation du secteur des anciennes friches industrielles et ferroviaires. Elle s\u2019inscrit dans une strat\u00e9gie municipale plus large de renouvellement urbain, de [&hellip;]\" \/>\n<meta property=\"og:url\" content=\"https:\/\/remi-junquera.com\/index.php\/projet-agricole-a-miramas\/\" \/>\n<meta property=\"og:site_name\" content=\"R\u00e9mi Junquera\" \/>\n<meta property=\"article:modified_time\" content=\"2026-01-30T08:11:23+00:00\" \/>\n<meta property=\"og:image\" content=\"https:\/\/remi-junquera.com\/wp-content\/uploads\/2026\/01\/20250514_122220-scaled.jpg\" \/>\n<meta name=\"twitter:card\" content=\"summary_large_image\" \/>\n<meta name=\"twitter:label1\" content=\"Dur\u00e9e de lecture estim\u00e9e\" \/>\n\t<meta name=\"twitter:data1\" content=\"2 minutes\" \/>\n<script type=\"application\/ld+json\" class=\"yoast-schema-graph\">{\"@context\":\"https:\/\/schema.org\",\"@graph\":[{\"@type\":\"WebPage\",\"@id\":\"https:\/\/remi-junquera.com\/index.php\/projet-agricole-a-miramas\/\",\"url\":\"https:\/\/remi-junquera.com\/index.php\/projet-agricole-a-miramas\/\",\"name\":\"Projet agricole \u00e0 Miramas | R\u00e9mi Junquera\",\"isPartOf\":{\"@id\":\"https:\/\/remi-junquera.com\/#website\"},\"primaryImageOfPage\":{\"@id\":\"https:\/\/remi-junquera.com\/index.php\/projet-agricole-a-miramas\/#primaryimage\"},\"image\":{\"@id\":\"https:\/\/remi-junquera.com\/index.php\/projet-agricole-a-miramas\/#primaryimage\"},\"thumbnailUrl\":\"https:\/\/remi-junquera.com\/wp-content\/uploads\/2026\/01\/20250514_122220-scaled.jpg\",\"datePublished\":\"2026-01-30T08:11:21+00:00\",\"dateModified\":\"2026-01-30T08:11:23+00:00\",\"breadcrumb\":{\"@id\":\"https:\/\/remi-junquera.com\/index.php\/projet-agricole-a-miramas\/#breadcrumb\"},\"inLanguage\":\"fr-FR\",\"potentialAction\":[{\"@type\":\"ReadAction\",\"target\":[\"https:\/\/remi-junquera.com\/index.php\/projet-agricole-a-miramas\/\"]}]},{\"@type\":\"ImageObject\",\"inLanguage\":\"fr-FR\",\"@id\":\"https:\/\/remi-junquera.com\/index.php\/projet-agricole-a-miramas\/#primaryimage\",\"url\":\"https:\/\/remi-junquera.com\/wp-content\/uploads\/2026\/01\/20250514_122220-scaled.jpg\",\"contentUrl\":\"https:\/\/remi-junquera.com\/wp-content\/uploads\/2026\/01\/20250514_122220-scaled.jpg\",\"width\":2560,\"height\":1920},{\"@type\":\"BreadcrumbList\",\"@id\":\"https:\/\/remi-junquera.com\/index.php\/projet-agricole-a-miramas\/#breadcrumb\",\"itemListElement\":[{\"@type\":\"ListItem\",\"position\":1,\"name\":\"Accueil\",\"item\":\"https:\/\/remi-junquera.com\/\"},{\"@type\":\"ListItem\",\"position\":2,\"name\":\"Projet agricole \u00e0 Miramas\"}]},{\"@type\":\"WebSite\",\"@id\":\"https:\/\/remi-junquera.com\/#website\",\"url\":\"https:\/\/remi-junquera.com\/\",\"name\":\"R\u00e9mi Junquera\",\"description\":\"Architecture Urbanisme Agriculture\",\"publisher\":{\"@id\":\"https:\/\/remi-junquera.com\/#organization\"},\"potentialAction\":[{\"@type\":\"SearchAction\",\"target\":{\"@type\":\"EntryPoint\",\"urlTemplate\":\"https:\/\/remi-junquera.com\/?s={search_term_string}\"},\"query-input\":\"required name=search_term_string\"}],\"inLanguage\":\"fr-FR\"},{\"@type\":\"Organization\",\"@id\":\"https:\/\/remi-junquera.com\/#organization\",\"name\":\"R\u00e9mi Junquera\",\"url\":\"https:\/\/remi-junquera.com\/\",\"logo\":{\"@type\":\"ImageObject\",\"inLanguage\":\"fr-FR\",\"@id\":\"https:\/\/remi-junquera.com\/#\/schema\/logo\/image\/\",\"url\":\"https:\/\/remi-junquera.com\/wp-content\/uploads\/2024\/06\/logo-Remi-Junquera-HD.png\",\"contentUrl\":\"https:\/\/remi-junquera.com\/wp-content\/uploads\/2024\/06\/logo-Remi-Junquera-HD.png\",\"width\":4430,\"height\":947,\"caption\":\"R\u00e9mi Junquera\"},\"image\":{\"@id\":\"https:\/\/remi-junquera.com\/#\/schema\/logo\/image\/\"},\"sameAs\":[\"http:\/\/linkedin.com\/in\/r\u00e9mi-junquera\"]}]}<\/script>\n<!-- \/ Yoast SEO plugin. -->","yoast_head_json":{"title":"Projet agricole \u00e0 Miramas | R\u00e9mi Junquera","robots":{"index":"index","follow":"follow","max-snippet":"max-snippet:-1","max-image-preview":"max-image-preview:large","max-video-preview":"max-video-preview:-1"},"canonical":"https:\/\/remi-junquera.com\/index.php\/projet-agricole-a-miramas\/","og_locale":"fr_FR","og_type":"article","og_title":"Projet agricole \u00e0 Miramas | R\u00e9mi Junquera","og_description":"\u00ab int\u00e9grer des pratiques agricoles dans le quartier Maille 1\u00bb Men\u00e9e pour la Ville de Miramas, cette \u00e9tude pr\u00e9liminaire vise \u00e0 explorer les conditions d\u2019int\u00e9gration d\u2019une agriculture urbaine structurante au sein du projet de transformation du secteur des anciennes friches industrielles et ferroviaires. Elle s\u2019inscrit dans une strat\u00e9gie municipale plus large de renouvellement urbain, de [&hellip;]","og_url":"https:\/\/remi-junquera.com\/index.php\/projet-agricole-a-miramas\/","og_site_name":"R\u00e9mi Junquera","article_modified_time":"2026-01-30T08:11:23+00:00","og_image":[{"url":"https:\/\/remi-junquera.com\/wp-content\/uploads\/2026\/01\/20250514_122220-scaled.jpg"}],"twitter_card":"summary_large_image","twitter_misc":{"Dur\u00e9e de lecture estim\u00e9e":"2 minutes"},"schema":{"@context":"https:\/\/schema.org","@graph":[{"@type":"WebPage","@id":"https:\/\/remi-junquera.com\/index.php\/projet-agricole-a-miramas\/","url":"https:\/\/remi-junquera.com\/index.php\/projet-agricole-a-miramas\/","name":"Projet agricole \u00e0 Miramas | R\u00e9mi Junquera","isPartOf":{"@id":"https:\/\/remi-junquera.com\/#website"},"primaryImageOfPage":{"@id":"https:\/\/remi-junquera.com\/index.php\/projet-agricole-a-miramas\/#primaryimage"},"image":{"@id":"https:\/\/remi-junquera.com\/index.php\/projet-agricole-a-miramas\/#primaryimage"},"thumbnailUrl":"https:\/\/remi-junquera.com\/wp-content\/uploads\/2026\/01\/20250514_122220-scaled.jpg","datePublished":"2026-01-30T08:11:21+00:00","dateModified":"2026-01-30T08:11:23+00:00","breadcrumb":{"@id":"https:\/\/remi-junquera.com\/index.php\/projet-agricole-a-miramas\/#breadcrumb"},"inLanguage":"fr-FR","potentialAction":[{"@type":"ReadAction","target":["https:\/\/remi-junquera.com\/index.php\/projet-agricole-a-miramas\/"]}]},{"@type":"ImageObject","inLanguage":"fr-FR","@id":"https:\/\/remi-junquera.com\/index.php\/projet-agricole-a-miramas\/#primaryimage","url":"https:\/\/remi-junquera.com\/wp-content\/uploads\/2026\/01\/20250514_122220-scaled.jpg","contentUrl":"https:\/\/remi-junquera.com\/wp-content\/uploads\/2026\/01\/20250514_122220-scaled.jpg","width":2560,"height":1920},{"@type":"BreadcrumbList","@id":"https:\/\/remi-junquera.com\/index.php\/projet-agricole-a-miramas\/#breadcrumb","itemListElement":[{"@type":"ListItem","position":1,"name":"Accueil","item":"https:\/\/remi-junquera.com\/"},{"@type":"ListItem","position":2,"name":"Projet agricole \u00e0 Miramas"}]},{"@type":"WebSite","@id":"https:\/\/remi-junquera.com\/#website","url":"https:\/\/remi-junquera.com\/","name":"R\u00e9mi Junquera","description":"Architecture Urbanisme Agriculture","publisher":{"@id":"https:\/\/remi-junquera.com\/#organization"},"potentialAction":[{"@type":"SearchAction","target":{"@type":"EntryPoint","urlTemplate":"https:\/\/remi-junquera.com\/?s={search_term_string}"},"query-input":"required name=search_term_string"}],"inLanguage":"fr-FR"},{"@type":"Organization","@id":"https:\/\/remi-junquera.com\/#organization","name":"R\u00e9mi Junquera","url":"https:\/\/remi-junquera.com\/","logo":{"@type":"ImageObject","inLanguage":"fr-FR","@id":"https:\/\/remi-junquera.com\/#\/schema\/logo\/image\/","url":"https:\/\/remi-junquera.com\/wp-content\/uploads\/2024\/06\/logo-Remi-Junquera-HD.png","contentUrl":"https:\/\/remi-junquera.com\/wp-content\/uploads\/2024\/06\/logo-Remi-Junquera-HD.png","width":4430,"height":947,"caption":"R\u00e9mi Junquera"},"image":{"@id":"https:\/\/remi-junquera.com\/#\/schema\/logo\/image\/"},"sameAs":["http:\/\/linkedin.com\/in\/r\u00e9mi-junquera"]}]}},"jetpack_sharing_enabled":true,"_links":{"self":[{"href":"https:\/\/remi-junquera.com\/index.php\/wp-json\/wp\/v2\/pages\/1659"}],"collection":[{"href":"https:\/\/remi-junquera.com\/index.php\/wp-json\/wp\/v2\/pages"}],"about":[{"href":"https:\/\/remi-junquera.com\/index.php\/wp-json\/wp\/v2\/types\/page"}],"author":[{"embeddable":true,"href":"https:\/\/remi-junquera.com\/index.php\/wp-json\/wp\/v2\/users\/1"}],"replies":[{"embeddable":true,"href":"https:\/\/remi-junquera.com\/index.php\/wp-json\/wp\/v2\/comments?post=1659"}],"version-history":[{"count":1,"href":"https:\/\/remi-junquera.com\/index.php\/wp-json\/wp\/v2\/pages\/1659\/revisions"}],"predecessor-version":[{"id":1662,"href":"https:\/\/remi-junquera.com\/index.php\/wp-json\/wp\/v2\/pages\/1659\/revisions\/1662"}],"wp:attachment":[{"href":"https:\/\/remi-junquera.com\/index.php\/wp-json\/wp\/v2\/media?parent=1659"}],"curies":[{"name":"wp","href":"https:\/\/api.w.org\/{rel}","templated":true}]}}