{"id":234,"date":"2024-06-07T12:35:17","date_gmt":"2024-06-07T10:35:17","guid":{"rendered":"https:\/\/remi-junquera.com\/?page_id=234"},"modified":"2024-06-19T11:12:40","modified_gmt":"2024-06-19T09:12:40","slug":"these-de-doctorat","status":"publish","type":"page","link":"https:\/\/remi-junquera.com\/index.php\/these-de-doctorat\/","title":{"rendered":"Th\u00e8se de doctorat"},"content":{"rendered":"\n<div class=\"wp-block-cover alignfull has-parallax wp-duotone-unset-1\" style=\"padding-top:17%;padding-bottom:3rem;min-height:801px;aspect-ratio:unset;\"><span aria-hidden=\"true\" class=\"wp-block-cover__background has-black-background-color has-background-dim-40 has-background-dim\"><\/span><div class=\"wp-block-cover__image-background wp-image-735 has-parallax\" style=\"background-position:50% 50%;background-image:url(https:\/\/remi-junquera.com\/wp-content\/uploads\/2024\/06\/AKG85907.jpg)\"><\/div><div class=\"wp-block-cover__inner-container has-global-padding is-layout-constrained wp-container-core-cover-is-layout-1 wp-block-cover-is-layout-constrained\">\n<div class=\"wp-block-group alignwide has-global-padding is-layout-constrained wp-block-group-is-layout-constrained\" style=\"min-height:520px\">\n<h1 class=\"wp-block-heading alignwide has-text-align-center\">TH\u00c8SE DE Doctorat<\/h1>\n<\/div>\n<\/div><\/div>\n\n\n\n<div class=\"wp-block-group has-global-padding is-layout-constrained wp-block-group-is-layout-constrained\">\n<div style=\"height:58px\" aria-hidden=\"true\" class=\"wp-block-spacer\"><\/div>\n\n\n\n<h4 class=\"wp-block-heading has-text-align-center has-text-color has-link-color wp-elements-0c7d2373c7a5d1c969ee5ef19835571c\" style=\"color:#010101\">\u00ab Relations historiques et contemporaines entre l&rsquo;habitat et l&rsquo;agriculture en ville \u00bb<\/h4>\n\n\n\n<div style=\"height:58px\" aria-hidden=\"true\" class=\"wp-block-spacer\"><\/div>\n<\/div>\n\n\n\n<div class=\"wp-block-columns alignwide is-layout-flex wp-container-core-columns-is-layout-1 wp-block-columns-is-layout-flex\">\n<div class=\"wp-block-column is-layout-flow wp-block-column-is-layout-flow\">\n<figure class=\"wp-block-image aligncenter size-full is-resized has-custom-border\"><img fetchpriority=\"high\" decoding=\"async\" width=\"644\" height=\"912\" src=\"https:\/\/remi-junquera.com\/wp-content\/uploads\/2024\/06\/Page-de-garde-these-2.png\" alt=\"\" class=\"wp-image-485\" style=\"border-width:1px;width:527px;height:auto\" srcset=\"https:\/\/remi-junquera.com\/wp-content\/uploads\/2024\/06\/Page-de-garde-these-2.png 644w, https:\/\/remi-junquera.com\/wp-content\/uploads\/2024\/06\/Page-de-garde-these-2-212x300.png 212w\" sizes=\"(max-width: 644px) 100vw, 644px\" \/><\/figure>\n<\/div>\n\n\n\n<div class=\"wp-block-column is-layout-flow wp-block-column-is-layout-flow\">\n<p class=\"has-text-align-justify\"><strong>R\u00e9sum\u00e9 de la th\u00e8se<\/strong><br>Cette th\u00e8se s\u2019int\u00e9resse aux r\u00f4les respectifs et compl\u00e9mentaires de l\u2019habitat et de l\u2019agriculture urbaine dans l\u2019\u00e9mergence et le maintien d\u2019un environnement propice aux modes de vie soutenables en prenant en compte les ressources naturelles, l\u2019\u00e9nergie, la mobilit\u00e9 et l\u2019organisation de la cha\u00eene d\u2019approvisionnement alimentaire. L\u2019enjeu est de comprendre comment l\u2019architecte peut imaginer et faire dialoguer des pratiques agricoles urbaines \u00e0 proximit\u00e9 de logements, notamment lorsqu\u2019il s\u2019agit d\u2019activit\u00e9s agricoles professionnelles. L\u2019insertion de fonctions agricoles dans les c\u0153urs de quartiers d\u2019habitat social, ainsi que dans les \u00eelots et en toiture des b\u00e2timents d\u2019habitation neufs, constituent un sujet de recherche et d\u2019exp\u00e9rimentation privil\u00e9gi\u00e9. La th\u00e8se entend montrer comment l\u2019agriculture fa\u00e7onne une perception sensible d\u2019une urbanit\u00e9 soutenable et interroge le devenir de la ville contemporaine. Ainsi, la prise en consid\u00e9ration des ambiances produites en ville par les activit\u00e9s agricoles permet de mieux comprendre les dynamiques fondant la cohabitation entre l\u2019habitat et les b\u00e2timents agricoles. Ce travail repose \u00e9galement sur un \u00e9tat des connaissances sur des relations entre l\u2019habitat et l\u2019agriculture urbaine en France \u00e0 une \u00e9chelle de temps long, de l\u2019\u00e9poque m\u00e9di\u00e9vale \u00e0 nos jours, doubl\u00e9 d\u2019une \u00e9tude \u00e9conomique et sociologique des b\u00e2timents agricoles urbains r\u00e9alis\u00e9s r\u00e9cemment en France. Afin de rendre une telle recherche op\u00e9ratoire, deux exp\u00e9rimentations constructives \u00e0 Annemasse (Haute-Savoie) et \u00e0 Lyon, ont \u00e9t\u00e9 r\u00e9alis\u00e9es dans le cadre d\u2019une m\u00e9thode de recherche sur le prototypage propos\u00e9e par la Chaire partenariale d\u2019architecture \u00ab Habitat du futur \u00bb aux Grands Ateliers Innovation Architecture de Villefontaine (Is\u00e8re).<\/p>\n\n\n\n<hr class=\"wp-block-separator has-alpha-channel-opacity is-style-wide\"\/>\n\n\n\n<p class=\"has-text-align-justify\" style=\"font-size:clamp(14px, 0.875rem + ((1vw - 3.2px) * 0.114), 15px);\"><em><strong>\u00c9quipe de recherche<\/strong><br>\u00c9cole nationale sup\u00e9rieure d\u2019architecture de Lyon, EVS-LAURe, AAU-CRESSON, Chaire partenariale \u00ab Habitat du futur \u00bb, Rougerie+Tangram (CIFRE), <br>R\u00e9mi Junquera<\/em><\/p>\n<\/div>\n<\/div>\n\n\n\n<div style=\"height:58px\" aria-hidden=\"true\" class=\"wp-block-spacer\"><\/div>\n\n\n\n<div class=\"wp-block-buttons is-content-justification-center is-layout-flex wp-container-core-buttons-is-layout-1 wp-block-buttons-is-layout-flex\" style=\"margin-top:0;margin-bottom:0\">\n<div class=\"wp-block-button hvr-grow\"><a class=\"wp-block-button__link has-text-color has-background has-link-color wp-element-button\" href=\"https:\/\/hal.science\/tel-04550877v1\" style=\"border-style:none;border-width:0px;border-radius:0px;color:#ffffff;background-color:#355b2b\">VOIR LA TH\u00c8SE<\/a><\/div>\n<\/div>\n\n\n\n<div style=\"height:58px\" aria-hidden=\"true\" class=\"wp-block-spacer\"><\/div>\n\n\n\n<hr class=\"wp-block-separator alignfull has-alpha-channel-opacity\"\/>\n","protected":false},"excerpt":{"rendered":"<p>\u00ab Relations historiques et contemporaines entre l&rsquo;habitat et l&rsquo;agriculture en ville \u00bb R\u00e9sum\u00e9 de la th\u00e8seCette th\u00e8se s\u2019int\u00e9resse aux r\u00f4les respectifs et compl\u00e9mentaires de l\u2019habitat et de l\u2019agriculture urbaine dans l\u2019\u00e9mergence et le maintien d\u2019un environnement propice aux modes de vie soutenables en prenant en compte les ressources naturelles, l\u2019\u00e9nergie, la mobilit\u00e9 et l\u2019organisation de [&hellip;]<\/p>\n","protected":false},"author":1,"featured_media":0,"parent":0,"menu_order":0,"comment_status":"closed","ping_status":"closed","template":"","meta":{"footnotes":""},"yoast_head":"<!-- This site is optimized with the Yoast SEO plugin v22.9 - https:\/\/yoast.com\/wordpress\/plugins\/seo\/ -->\n<title>Th\u00e8se | R\u00e9mi Junquera<\/title>\n<meta name=\"description\" content=\"D\u00e9couvrez la th\u00e8se de doctorat, son r\u00e9sum\u00e9, ses acteurs et le lien qui permet d&#039;acc\u00e9der au manuscrit complet.\" \/>\n<meta name=\"robots\" content=\"index, follow, max-snippet:-1, max-image-preview:large, max-video-preview:-1\" \/>\n<link rel=\"canonical\" href=\"https:\/\/remi-junquera.com\/index.php\/these-de-doctorat\/\" \/>\n<meta property=\"og:locale\" content=\"fr_FR\" \/>\n<meta property=\"og:type\" content=\"article\" \/>\n<meta property=\"og:title\" content=\"Th\u00e8se | R\u00e9mi Junquera\" \/>\n<meta property=\"og:description\" content=\"D\u00e9couvrez la th\u00e8se de doctorat, son r\u00e9sum\u00e9, ses acteurs et le lien qui permet d&#039;acc\u00e9der au manuscrit complet.\" \/>\n<meta property=\"og:url\" content=\"https:\/\/remi-junquera.com\/index.php\/these-de-doctorat\/\" \/>\n<meta property=\"og:site_name\" content=\"R\u00e9mi Junquera\" \/>\n<meta property=\"article:modified_time\" content=\"2024-06-19T09:12:40+00:00\" \/>\n<meta property=\"og:image\" content=\"https:\/\/remi-junquera.com\/wp-content\/uploads\/2024\/06\/Page-de-garde-these-2.png\" \/>\n<meta name=\"twitter:card\" content=\"summary_large_image\" \/>\n<meta name=\"twitter:label1\" content=\"Dur\u00e9e de lecture estim\u00e9e\" \/>\n\t<meta name=\"twitter:data1\" content=\"2 minutes\" \/>\n<script type=\"application\/ld+json\" class=\"yoast-schema-graph\">{\"@context\":\"https:\/\/schema.org\",\"@graph\":[{\"@type\":\"WebPage\",\"@id\":\"https:\/\/remi-junquera.com\/index.php\/these-de-doctorat\/\",\"url\":\"https:\/\/remi-junquera.com\/index.php\/these-de-doctorat\/\",\"name\":\"Th\u00e8se | R\u00e9mi Junquera\",\"isPartOf\":{\"@id\":\"https:\/\/remi-junquera.com\/#website\"},\"primaryImageOfPage\":{\"@id\":\"https:\/\/remi-junquera.com\/index.php\/these-de-doctorat\/#primaryimage\"},\"image\":{\"@id\":\"https:\/\/remi-junquera.com\/index.php\/these-de-doctorat\/#primaryimage\"},\"thumbnailUrl\":\"https:\/\/remi-junquera.com\/wp-content\/uploads\/2024\/06\/Page-de-garde-these-2.png\",\"datePublished\":\"2024-06-07T10:35:17+00:00\",\"dateModified\":\"2024-06-19T09:12:40+00:00\",\"description\":\"D\u00e9couvrez la th\u00e8se de doctorat, son r\u00e9sum\u00e9, ses acteurs et le lien qui permet d'acc\u00e9der au manuscrit complet.\",\"breadcrumb\":{\"@id\":\"https:\/\/remi-junquera.com\/index.php\/these-de-doctorat\/#breadcrumb\"},\"inLanguage\":\"fr-FR\",\"potentialAction\":[{\"@type\":\"ReadAction\",\"target\":[\"https:\/\/remi-junquera.com\/index.php\/these-de-doctorat\/\"]}]},{\"@type\":\"ImageObject\",\"inLanguage\":\"fr-FR\",\"@id\":\"https:\/\/remi-junquera.com\/index.php\/these-de-doctorat\/#primaryimage\",\"url\":\"https:\/\/remi-junquera.com\/wp-content\/uploads\/2024\/06\/Page-de-garde-these-2.png\",\"contentUrl\":\"https:\/\/remi-junquera.com\/wp-content\/uploads\/2024\/06\/Page-de-garde-these-2.png\",\"width\":644,\"height\":912,\"caption\":\"Page de garde de la th\u00e8se de R\u00e9mi Junquera\"},{\"@type\":\"BreadcrumbList\",\"@id\":\"https:\/\/remi-junquera.com\/index.php\/these-de-doctorat\/#breadcrumb\",\"itemListElement\":[{\"@type\":\"ListItem\",\"position\":1,\"name\":\"Accueil\",\"item\":\"https:\/\/remi-junquera.com\/\"},{\"@type\":\"ListItem\",\"position\":2,\"name\":\"Th\u00e8se de doctorat\"}]},{\"@type\":\"WebSite\",\"@id\":\"https:\/\/remi-junquera.com\/#website\",\"url\":\"https:\/\/remi-junquera.com\/\",\"name\":\"R\u00e9mi Junquera\",\"description\":\"Architecture Urbanisme Agriculture\",\"publisher\":{\"@id\":\"https:\/\/remi-junquera.com\/#organization\"},\"potentialAction\":[{\"@type\":\"SearchAction\",\"target\":{\"@type\":\"EntryPoint\",\"urlTemplate\":\"https:\/\/remi-junquera.com\/?s={search_term_string}\"},\"query-input\":\"required name=search_term_string\"}],\"inLanguage\":\"fr-FR\"},{\"@type\":\"Organization\",\"@id\":\"https:\/\/remi-junquera.com\/#organization\",\"name\":\"R\u00e9mi Junquera\",\"url\":\"https:\/\/remi-junquera.com\/\",\"logo\":{\"@type\":\"ImageObject\",\"inLanguage\":\"fr-FR\",\"@id\":\"https:\/\/remi-junquera.com\/#\/schema\/logo\/image\/\",\"url\":\"https:\/\/remi-junquera.com\/wp-content\/uploads\/2024\/06\/logo-Remi-Junquera-HD.png\",\"contentUrl\":\"https:\/\/remi-junquera.com\/wp-content\/uploads\/2024\/06\/logo-Remi-Junquera-HD.png\",\"width\":4430,\"height\":947,\"caption\":\"R\u00e9mi Junquera\"},\"image\":{\"@id\":\"https:\/\/remi-junquera.com\/#\/schema\/logo\/image\/\"},\"sameAs\":[\"http:\/\/linkedin.com\/in\/r\u00e9mi-junquera\"]}]}<\/script>\n<!-- \/ Yoast SEO plugin. -->","yoast_head_json":{"title":"Th\u00e8se | R\u00e9mi Junquera","description":"D\u00e9couvrez la th\u00e8se de doctorat, son r\u00e9sum\u00e9, ses acteurs et le lien qui permet d'acc\u00e9der au manuscrit complet.","robots":{"index":"index","follow":"follow","max-snippet":"max-snippet:-1","max-image-preview":"max-image-preview:large","max-video-preview":"max-video-preview:-1"},"canonical":"https:\/\/remi-junquera.com\/index.php\/these-de-doctorat\/","og_locale":"fr_FR","og_type":"article","og_title":"Th\u00e8se | R\u00e9mi Junquera","og_description":"D\u00e9couvrez la th\u00e8se de doctorat, son r\u00e9sum\u00e9, ses acteurs et le lien qui permet d'acc\u00e9der au manuscrit complet.","og_url":"https:\/\/remi-junquera.com\/index.php\/these-de-doctorat\/","og_site_name":"R\u00e9mi Junquera","article_modified_time":"2024-06-19T09:12:40+00:00","og_image":[{"url":"https:\/\/remi-junquera.com\/wp-content\/uploads\/2024\/06\/Page-de-garde-these-2.png"}],"twitter_card":"summary_large_image","twitter_misc":{"Dur\u00e9e de lecture estim\u00e9e":"2 minutes"},"schema":{"@context":"https:\/\/schema.org","@graph":[{"@type":"WebPage","@id":"https:\/\/remi-junquera.com\/index.php\/these-de-doctorat\/","url":"https:\/\/remi-junquera.com\/index.php\/these-de-doctorat\/","name":"Th\u00e8se | R\u00e9mi Junquera","isPartOf":{"@id":"https:\/\/remi-junquera.com\/#website"},"primaryImageOfPage":{"@id":"https:\/\/remi-junquera.com\/index.php\/these-de-doctorat\/#primaryimage"},"image":{"@id":"https:\/\/remi-junquera.com\/index.php\/these-de-doctorat\/#primaryimage"},"thumbnailUrl":"https:\/\/remi-junquera.com\/wp-content\/uploads\/2024\/06\/Page-de-garde-these-2.png","datePublished":"2024-06-07T10:35:17+00:00","dateModified":"2024-06-19T09:12:40+00:00","description":"D\u00e9couvrez la th\u00e8se de doctorat, son r\u00e9sum\u00e9, ses acteurs et le lien qui permet d'acc\u00e9der au manuscrit complet.","breadcrumb":{"@id":"https:\/\/remi-junquera.com\/index.php\/these-de-doctorat\/#breadcrumb"},"inLanguage":"fr-FR","potentialAction":[{"@type":"ReadAction","target":["https:\/\/remi-junquera.com\/index.php\/these-de-doctorat\/"]}]},{"@type":"ImageObject","inLanguage":"fr-FR","@id":"https:\/\/remi-junquera.com\/index.php\/these-de-doctorat\/#primaryimage","url":"https:\/\/remi-junquera.com\/wp-content\/uploads\/2024\/06\/Page-de-garde-these-2.png","contentUrl":"https:\/\/remi-junquera.com\/wp-content\/uploads\/2024\/06\/Page-de-garde-these-2.png","width":644,"height":912,"caption":"Page de garde de la th\u00e8se de R\u00e9mi Junquera"},{"@type":"BreadcrumbList","@id":"https:\/\/remi-junquera.com\/index.php\/these-de-doctorat\/#breadcrumb","itemListElement":[{"@type":"ListItem","position":1,"name":"Accueil","item":"https:\/\/remi-junquera.com\/"},{"@type":"ListItem","position":2,"name":"Th\u00e8se de doctorat"}]},{"@type":"WebSite","@id":"https:\/\/remi-junquera.com\/#website","url":"https:\/\/remi-junquera.com\/","name":"R\u00e9mi Junquera","description":"Architecture Urbanisme Agriculture","publisher":{"@id":"https:\/\/remi-junquera.com\/#organization"},"potentialAction":[{"@type":"SearchAction","target":{"@type":"EntryPoint","urlTemplate":"https:\/\/remi-junquera.com\/?s={search_term_string}"},"query-input":"required name=search_term_string"}],"inLanguage":"fr-FR"},{"@type":"Organization","@id":"https:\/\/remi-junquera.com\/#organization","name":"R\u00e9mi Junquera","url":"https:\/\/remi-junquera.com\/","logo":{"@type":"ImageObject","inLanguage":"fr-FR","@id":"https:\/\/remi-junquera.com\/#\/schema\/logo\/image\/","url":"https:\/\/remi-junquera.com\/wp-content\/uploads\/2024\/06\/logo-Remi-Junquera-HD.png","contentUrl":"https:\/\/remi-junquera.com\/wp-content\/uploads\/2024\/06\/logo-Remi-Junquera-HD.png","width":4430,"height":947,"caption":"R\u00e9mi Junquera"},"image":{"@id":"https:\/\/remi-junquera.com\/#\/schema\/logo\/image\/"},"sameAs":["http:\/\/linkedin.com\/in\/r\u00e9mi-junquera"]}]}},"jetpack_sharing_enabled":true,"_links":{"self":[{"href":"https:\/\/remi-junquera.com\/index.php\/wp-json\/wp\/v2\/pages\/234"}],"collection":[{"href":"https:\/\/remi-junquera.com\/index.php\/wp-json\/wp\/v2\/pages"}],"about":[{"href":"https:\/\/remi-junquera.com\/index.php\/wp-json\/wp\/v2\/types\/page"}],"author":[{"embeddable":true,"href":"https:\/\/remi-junquera.com\/index.php\/wp-json\/wp\/v2\/users\/1"}],"replies":[{"embeddable":true,"href":"https:\/\/remi-junquera.com\/index.php\/wp-json\/wp\/v2\/comments?post=234"}],"version-history":[{"count":20,"href":"https:\/\/remi-junquera.com\/index.php\/wp-json\/wp\/v2\/pages\/234\/revisions"}],"predecessor-version":[{"id":1002,"href":"https:\/\/remi-junquera.com\/index.php\/wp-json\/wp\/v2\/pages\/234\/revisions\/1002"}],"wp:attachment":[{"href":"https:\/\/remi-junquera.com\/index.php\/wp-json\/wp\/v2\/media?parent=234"}],"curies":[{"name":"wp","href":"https:\/\/api.w.org\/{rel}","templated":true}]}}