{"id":242,"date":"2024-06-07T12:36:23","date_gmt":"2024-06-07T10:36:23","guid":{"rendered":"https:\/\/remi-junquera.com\/?page_id=242"},"modified":"2025-02-25T10:00:07","modified_gmt":"2025-02-25T09:00:07","slug":"residence-agricole","status":"publish","type":"page","link":"https:\/\/remi-junquera.com\/index.php\/residence-agricole\/","title":{"rendered":"R\u00e9sidence agricole"},"content":{"rendered":"\n<div class=\"wp-block-cover alignfull has-parallax wp-duotone-unset-1\" style=\"padding-top:17%;padding-bottom:0rem;min-height:801px;aspect-ratio:unset;\"><span aria-hidden=\"true\" class=\"wp-block-cover__background has-black-background-color has-background-dim-40 has-background-dim\"><\/span><div class=\"wp-block-cover__image-background wp-image-94 has-parallax\" style=\"background-position:50% 50%;background-image:url(https:\/\/remi-junquera.com\/wp-content\/uploads\/2024\/06\/Vue-aerienne-02_03-scaled.jpg)\"><\/div><div class=\"wp-block-cover__inner-container has-global-padding is-layout-constrained wp-container-core-cover-is-layout-1 wp-block-cover-is-layout-constrained\">\n<div class=\"wp-block-group has-global-padding is-layout-constrained wp-block-group-is-layout-constrained\" style=\"min-height:520px\">\n<h1 class=\"wp-block-heading has-text-align-center\">R\u00c9SIDENCE AGRICOLE<\/h1>\n<\/div>\n<\/div><\/div>\n\n\n\n<div class=\"wp-block-group alignfull has-background has-global-padding is-layout-constrained wp-block-group-is-layout-constrained\" style=\"background-color:#ffffff\">\n<div style=\"height:58px\" aria-hidden=\"true\" class=\"wp-block-spacer\"><\/div>\n\n\n\n<h4 class=\"wp-block-heading alignwide has-text-align-center has-text-color has-link-color wp-elements-dd8432226f41725c987b488a53613cf4\" style=\"color:#000000\">\u00ab Regrouper et densifier le b\u00e2ti pour conserver des usages agricoles \u00bb<\/h4>\n\n\n\n<div style=\"height:58px\" aria-hidden=\"true\" class=\"wp-block-spacer\"><\/div>\n<\/div>\n\n\n\n<figure class=\"wp-block-image alignwide size-full has-custom-border is-style-default\"><img fetchpriority=\"high\" decoding=\"async\" width=\"2560\" height=\"1478\" src=\"https:\/\/remi-junquera.com\/wp-content\/uploads\/2024\/06\/Vue-jardin-01_04-scaled.jpg\" alt=\"\" class=\"wp-image-95\" style=\"border-style:none;border-width:0px;border-radius:0px\" srcset=\"https:\/\/remi-junquera.com\/wp-content\/uploads\/2024\/06\/Vue-jardin-01_04-scaled.jpg 2560w, https:\/\/remi-junquera.com\/wp-content\/uploads\/2024\/06\/Vue-jardin-01_04-300x173.jpg 300w, https:\/\/remi-junquera.com\/wp-content\/uploads\/2024\/06\/Vue-jardin-01_04-1024x591.jpg 1024w, https:\/\/remi-junquera.com\/wp-content\/uploads\/2024\/06\/Vue-jardin-01_04-768x443.jpg 768w, https:\/\/remi-junquera.com\/wp-content\/uploads\/2024\/06\/Vue-jardin-01_04-1536x887.jpg 1536w, https:\/\/remi-junquera.com\/wp-content\/uploads\/2024\/06\/Vue-jardin-01_04-2048x1182.jpg 2048w\" sizes=\"(max-width: 2560px) 100vw, 2560px\" \/><\/figure>\n\n\n\n<div class=\"wp-block-group alignwide has-global-padding is-layout-constrained wp-block-group-is-layout-constrained\">\n<div style=\"height:58px\" aria-hidden=\"true\" class=\"wp-block-spacer\"><\/div>\n\n\n\n<div class=\"wp-block-columns alignwide is-layout-flex wp-container-core-columns-is-layout-1 wp-block-columns-is-layout-flex\">\n<div class=\"wp-block-column is-layout-flow wp-block-column-is-layout-flow\" style=\"flex-basis:50%\">\n<p class=\"has-text-align-justify\">Situ\u00e9 au pied du Parc des Alpilles, le site de projet se trouve sur une d\u00e9prise agricole, <strong>entre deux tissus de lotissements<\/strong>. L\u2019enjeu de ce projet est de r\u00e9pondre \u00e0 l\u2019attente de la municipalit\u00e9 en r\u00e9alisant des <strong>logements individuels<\/strong>, mais <strong>sous une forme inhabituelle<\/strong>. En effet, plut\u00f4t que d\u2019\u00e9taler les maisons sur l\u2019ensemble du terrain, nous avons privil\u00e9gi\u00e9 de <strong>densifier les habitations<\/strong> pour laisser l\u2019opportunit\u00e9 de <strong>faire rena\u00eetre une partie de la d\u00e9prise agricole<\/strong>, ainsi que voir appara\u00eetre des <strong>jardins partag\u00e9s<\/strong> d\u00e9di\u00e9s aux nouveaux habitants. Cette strat\u00e9gie permet aussi de <strong>conserver un corridor \u00e9cologique<\/strong> entre le massif des Alpilles au sud et les terrains agricoles au nord.<\/p>\n\n\n\n<p class=\"has-text-align-justify\">Cette d\u00e9marche s&rsquo;ancre dans l\u2019<strong>histoire agricole<\/strong> du site pour faire ressurgir le pass\u00e9 cultiv\u00e9 des terres de Saint-\u00c9tienne du Gr\u00e8s. Elle rappelle \u00e0 tous qu\u2019il y a peu de temps, <strong>l\u2019agriculture et la ville formaient un couple interd\u00e9pendant et compl\u00e9mentaire<\/strong>. Si aujourd\u2019hui ces liens se sont distendus, le projet envisage des solutions pour en former de nouveaux. <\/p>\n<\/div>\n\n\n\n<div class=\"wp-block-column is-layout-flow wp-block-column-is-layout-flow\" style=\"flex-basis:50%\">\n<p>L\u2019agriculture propos\u00e9e est alors focalis\u00e9e sur une <strong>dimension sociale et p\u00e9dagogique<\/strong> qui favorise une coh\u00e9sion inter-habitants. L\u2019int\u00e9gration d\u2019animaux de la ferme tels que des moutons, ch\u00e8vres, lapins et poules est envisag\u00e9e pour diversifier et dynamiser la fonction p\u00e9dagogique du parc.<\/p>\n\n\n\n<div style=\"height:118px\" aria-hidden=\"true\" class=\"wp-block-spacer\"><\/div>\n\n\n\n<hr class=\"wp-block-separator has-alpha-channel-opacity is-style-wide\"\/>\n\n\n\n<p class=\"has-text-align-left\" style=\"font-size:clamp(14px, 0.875rem + ((1vw - 3.2px) * 0.114), 15px);line-height:2\"><em><strong>Programme<\/strong> : concours pour la cr\u00e9ation d\u2019une r\u00e9sidence<br><strong>Lieu<\/strong> : Saint-\u00c9tienne du Gr\u00e8s (13)<br><strong>Ann\u00e9e <\/strong>: 2018<br><strong>MOA <\/strong>: Ville de Saint-\u00c9tienne du Gr\u00e8s<br><strong>MOE <\/strong>: Pitch Promotion, Rougerie+Tangram (R\u00e9mi Junquera, salari\u00e9)<\/em><\/p>\n<\/div>\n<\/div>\n\n\n\n<div style=\"height:58px\" aria-hidden=\"true\" class=\"wp-block-spacer\"><\/div>\n<\/div>\n\n\n\n<figure class=\"wp-block-image alignwide size-full\"><img decoding=\"async\" width=\"1808\" height=\"2560\" src=\"https:\/\/remi-junquera.com\/wp-content\/uploads\/2024\/06\/Parc-scaled.jpg\" alt=\"\" class=\"wp-image-97\" srcset=\"https:\/\/remi-junquera.com\/wp-content\/uploads\/2024\/06\/Parc-scaled.jpg 1808w, https:\/\/remi-junquera.com\/wp-content\/uploads\/2024\/06\/Parc-212x300.jpg 212w, https:\/\/remi-junquera.com\/wp-content\/uploads\/2024\/06\/Parc-723x1024.jpg 723w, https:\/\/remi-junquera.com\/wp-content\/uploads\/2024\/06\/Parc-768x1087.jpg 768w, https:\/\/remi-junquera.com\/wp-content\/uploads\/2024\/06\/Parc-1085x1536.jpg 1085w, https:\/\/remi-junquera.com\/wp-content\/uploads\/2024\/06\/Parc-1447x2048.jpg 1447w\" sizes=\"(max-width: 1808px) 100vw, 1808px\" \/><\/figure>\n\n\n\n<div style=\"height:58px;width:0px\" aria-hidden=\"true\" class=\"wp-block-spacer\"><\/div>\n\n\n\n<hr class=\"wp-block-separator alignfull has-alpha-channel-opacity\"\/>\n","protected":false},"excerpt":{"rendered":"<p>\u00ab Regrouper et densifier le b\u00e2ti pour conserver des usages agricoles \u00bb Situ\u00e9 au pied du Parc des Alpilles, le site de projet se trouve sur une d\u00e9prise agricole, entre deux tissus de lotissements. L\u2019enjeu de ce projet est de r\u00e9pondre \u00e0 l\u2019attente de la municipalit\u00e9 en r\u00e9alisant des logements individuels, mais sous une forme [&hellip;]<\/p>\n","protected":false},"author":1,"featured_media":0,"parent":0,"menu_order":0,"comment_status":"closed","ping_status":"closed","template":"","meta":{"footnotes":""},"yoast_head":"<!-- This site is optimized with the Yoast SEO plugin v22.9 - https:\/\/yoast.com\/wordpress\/plugins\/seo\/ -->\n<title>R\u00e9sidence agricole | R\u00e9mi Junquera<\/title>\n<meta name=\"robots\" content=\"index, follow, max-snippet:-1, max-image-preview:large, max-video-preview:-1\" \/>\n<link rel=\"canonical\" href=\"https:\/\/remi-junquera.com\/index.php\/residence-agricole\/\" \/>\n<meta property=\"og:locale\" content=\"fr_FR\" \/>\n<meta property=\"og:type\" content=\"article\" \/>\n<meta property=\"og:title\" content=\"R\u00e9sidence agricole | R\u00e9mi Junquera\" \/>\n<meta property=\"og:description\" content=\"\u00ab Regrouper et densifier le b\u00e2ti pour conserver des usages agricoles \u00bb Situ\u00e9 au pied du Parc des Alpilles, le site de projet se trouve sur une d\u00e9prise agricole, entre deux tissus de lotissements. L\u2019enjeu de ce projet est de r\u00e9pondre \u00e0 l\u2019attente de la municipalit\u00e9 en r\u00e9alisant des logements individuels, mais sous une forme [&hellip;]\" \/>\n<meta property=\"og:url\" content=\"https:\/\/remi-junquera.com\/index.php\/residence-agricole\/\" \/>\n<meta property=\"og:site_name\" content=\"R\u00e9mi Junquera\" \/>\n<meta property=\"article:modified_time\" content=\"2025-02-25T09:00:07+00:00\" \/>\n<meta property=\"og:image\" content=\"https:\/\/remi-junquera.com\/wp-content\/uploads\/2024\/06\/Vue-jardin-01_04-scaled.jpg\" \/>\n<meta name=\"twitter:card\" content=\"summary_large_image\" \/>\n<meta name=\"twitter:label1\" content=\"Dur\u00e9e de lecture estim\u00e9e\" \/>\n\t<meta name=\"twitter:data1\" content=\"2 minutes\" \/>\n<script type=\"application\/ld+json\" class=\"yoast-schema-graph\">{\"@context\":\"https:\/\/schema.org\",\"@graph\":[{\"@type\":\"WebPage\",\"@id\":\"https:\/\/remi-junquera.com\/index.php\/residence-agricole\/\",\"url\":\"https:\/\/remi-junquera.com\/index.php\/residence-agricole\/\",\"name\":\"R\u00e9sidence agricole | R\u00e9mi Junquera\",\"isPartOf\":{\"@id\":\"https:\/\/remi-junquera.com\/#website\"},\"primaryImageOfPage\":{\"@id\":\"https:\/\/remi-junquera.com\/index.php\/residence-agricole\/#primaryimage\"},\"image\":{\"@id\":\"https:\/\/remi-junquera.com\/index.php\/residence-agricole\/#primaryimage\"},\"thumbnailUrl\":\"https:\/\/remi-junquera.com\/wp-content\/uploads\/2024\/06\/Vue-jardin-01_04-scaled.jpg\",\"datePublished\":\"2024-06-07T10:36:23+00:00\",\"dateModified\":\"2025-02-25T09:00:07+00:00\",\"breadcrumb\":{\"@id\":\"https:\/\/remi-junquera.com\/index.php\/residence-agricole\/#breadcrumb\"},\"inLanguage\":\"fr-FR\",\"potentialAction\":[{\"@type\":\"ReadAction\",\"target\":[\"https:\/\/remi-junquera.com\/index.php\/residence-agricole\/\"]}]},{\"@type\":\"ImageObject\",\"inLanguage\":\"fr-FR\",\"@id\":\"https:\/\/remi-junquera.com\/index.php\/residence-agricole\/#primaryimage\",\"url\":\"https:\/\/remi-junquera.com\/wp-content\/uploads\/2024\/06\/Vue-jardin-01_04-scaled.jpg\",\"contentUrl\":\"https:\/\/remi-junquera.com\/wp-content\/uploads\/2024\/06\/Vue-jardin-01_04-scaled.jpg\",\"width\":2560,\"height\":1478,\"caption\":\"Image du projet de r\u00e9sidence agricole\"},{\"@type\":\"BreadcrumbList\",\"@id\":\"https:\/\/remi-junquera.com\/index.php\/residence-agricole\/#breadcrumb\",\"itemListElement\":[{\"@type\":\"ListItem\",\"position\":1,\"name\":\"Accueil\",\"item\":\"https:\/\/remi-junquera.com\/\"},{\"@type\":\"ListItem\",\"position\":2,\"name\":\"R\u00e9sidence agricole\"}]},{\"@type\":\"WebSite\",\"@id\":\"https:\/\/remi-junquera.com\/#website\",\"url\":\"https:\/\/remi-junquera.com\/\",\"name\":\"R\u00e9mi Junquera\",\"description\":\"Architecture Urbanisme Agriculture\",\"publisher\":{\"@id\":\"https:\/\/remi-junquera.com\/#organization\"},\"potentialAction\":[{\"@type\":\"SearchAction\",\"target\":{\"@type\":\"EntryPoint\",\"urlTemplate\":\"https:\/\/remi-junquera.com\/?s={search_term_string}\"},\"query-input\":\"required name=search_term_string\"}],\"inLanguage\":\"fr-FR\"},{\"@type\":\"Organization\",\"@id\":\"https:\/\/remi-junquera.com\/#organization\",\"name\":\"R\u00e9mi Junquera\",\"url\":\"https:\/\/remi-junquera.com\/\",\"logo\":{\"@type\":\"ImageObject\",\"inLanguage\":\"fr-FR\",\"@id\":\"https:\/\/remi-junquera.com\/#\/schema\/logo\/image\/\",\"url\":\"https:\/\/remi-junquera.com\/wp-content\/uploads\/2024\/06\/logo-Remi-Junquera-HD.png\",\"contentUrl\":\"https:\/\/remi-junquera.com\/wp-content\/uploads\/2024\/06\/logo-Remi-Junquera-HD.png\",\"width\":4430,\"height\":947,\"caption\":\"R\u00e9mi Junquera\"},\"image\":{\"@id\":\"https:\/\/remi-junquera.com\/#\/schema\/logo\/image\/\"},\"sameAs\":[\"http:\/\/linkedin.com\/in\/r\u00e9mi-junquera\"]}]}<\/script>\n<!-- \/ Yoast SEO plugin. -->","yoast_head_json":{"title":"R\u00e9sidence agricole | R\u00e9mi Junquera","robots":{"index":"index","follow":"follow","max-snippet":"max-snippet:-1","max-image-preview":"max-image-preview:large","max-video-preview":"max-video-preview:-1"},"canonical":"https:\/\/remi-junquera.com\/index.php\/residence-agricole\/","og_locale":"fr_FR","og_type":"article","og_title":"R\u00e9sidence agricole | R\u00e9mi Junquera","og_description":"\u00ab Regrouper et densifier le b\u00e2ti pour conserver des usages agricoles \u00bb Situ\u00e9 au pied du Parc des Alpilles, le site de projet se trouve sur une d\u00e9prise agricole, entre deux tissus de lotissements. L\u2019enjeu de ce projet est de r\u00e9pondre \u00e0 l\u2019attente de la municipalit\u00e9 en r\u00e9alisant des logements individuels, mais sous une forme [&hellip;]","og_url":"https:\/\/remi-junquera.com\/index.php\/residence-agricole\/","og_site_name":"R\u00e9mi Junquera","article_modified_time":"2025-02-25T09:00:07+00:00","og_image":[{"url":"https:\/\/remi-junquera.com\/wp-content\/uploads\/2024\/06\/Vue-jardin-01_04-scaled.jpg"}],"twitter_card":"summary_large_image","twitter_misc":{"Dur\u00e9e de lecture estim\u00e9e":"2 minutes"},"schema":{"@context":"https:\/\/schema.org","@graph":[{"@type":"WebPage","@id":"https:\/\/remi-junquera.com\/index.php\/residence-agricole\/","url":"https:\/\/remi-junquera.com\/index.php\/residence-agricole\/","name":"R\u00e9sidence agricole | R\u00e9mi Junquera","isPartOf":{"@id":"https:\/\/remi-junquera.com\/#website"},"primaryImageOfPage":{"@id":"https:\/\/remi-junquera.com\/index.php\/residence-agricole\/#primaryimage"},"image":{"@id":"https:\/\/remi-junquera.com\/index.php\/residence-agricole\/#primaryimage"},"thumbnailUrl":"https:\/\/remi-junquera.com\/wp-content\/uploads\/2024\/06\/Vue-jardin-01_04-scaled.jpg","datePublished":"2024-06-07T10:36:23+00:00","dateModified":"2025-02-25T09:00:07+00:00","breadcrumb":{"@id":"https:\/\/remi-junquera.com\/index.php\/residence-agricole\/#breadcrumb"},"inLanguage":"fr-FR","potentialAction":[{"@type":"ReadAction","target":["https:\/\/remi-junquera.com\/index.php\/residence-agricole\/"]}]},{"@type":"ImageObject","inLanguage":"fr-FR","@id":"https:\/\/remi-junquera.com\/index.php\/residence-agricole\/#primaryimage","url":"https:\/\/remi-junquera.com\/wp-content\/uploads\/2024\/06\/Vue-jardin-01_04-scaled.jpg","contentUrl":"https:\/\/remi-junquera.com\/wp-content\/uploads\/2024\/06\/Vue-jardin-01_04-scaled.jpg","width":2560,"height":1478,"caption":"Image du projet de r\u00e9sidence agricole"},{"@type":"BreadcrumbList","@id":"https:\/\/remi-junquera.com\/index.php\/residence-agricole\/#breadcrumb","itemListElement":[{"@type":"ListItem","position":1,"name":"Accueil","item":"https:\/\/remi-junquera.com\/"},{"@type":"ListItem","position":2,"name":"R\u00e9sidence agricole"}]},{"@type":"WebSite","@id":"https:\/\/remi-junquera.com\/#website","url":"https:\/\/remi-junquera.com\/","name":"R\u00e9mi Junquera","description":"Architecture Urbanisme Agriculture","publisher":{"@id":"https:\/\/remi-junquera.com\/#organization"},"potentialAction":[{"@type":"SearchAction","target":{"@type":"EntryPoint","urlTemplate":"https:\/\/remi-junquera.com\/?s={search_term_string}"},"query-input":"required name=search_term_string"}],"inLanguage":"fr-FR"},{"@type":"Organization","@id":"https:\/\/remi-junquera.com\/#organization","name":"R\u00e9mi Junquera","url":"https:\/\/remi-junquera.com\/","logo":{"@type":"ImageObject","inLanguage":"fr-FR","@id":"https:\/\/remi-junquera.com\/#\/schema\/logo\/image\/","url":"https:\/\/remi-junquera.com\/wp-content\/uploads\/2024\/06\/logo-Remi-Junquera-HD.png","contentUrl":"https:\/\/remi-junquera.com\/wp-content\/uploads\/2024\/06\/logo-Remi-Junquera-HD.png","width":4430,"height":947,"caption":"R\u00e9mi Junquera"},"image":{"@id":"https:\/\/remi-junquera.com\/#\/schema\/logo\/image\/"},"sameAs":["http:\/\/linkedin.com\/in\/r\u00e9mi-junquera"]}]}},"jetpack_sharing_enabled":true,"_links":{"self":[{"href":"https:\/\/remi-junquera.com\/index.php\/wp-json\/wp\/v2\/pages\/242"}],"collection":[{"href":"https:\/\/remi-junquera.com\/index.php\/wp-json\/wp\/v2\/pages"}],"about":[{"href":"https:\/\/remi-junquera.com\/index.php\/wp-json\/wp\/v2\/types\/page"}],"author":[{"embeddable":true,"href":"https:\/\/remi-junquera.com\/index.php\/wp-json\/wp\/v2\/users\/1"}],"replies":[{"embeddable":true,"href":"https:\/\/remi-junquera.com\/index.php\/wp-json\/wp\/v2\/comments?post=242"}],"version-history":[{"count":43,"href":"https:\/\/remi-junquera.com\/index.php\/wp-json\/wp\/v2\/pages\/242\/revisions"}],"predecessor-version":[{"id":1351,"href":"https:\/\/remi-junquera.com\/index.php\/wp-json\/wp\/v2\/pages\/242\/revisions\/1351"}],"wp:attachment":[{"href":"https:\/\/remi-junquera.com\/index.php\/wp-json\/wp\/v2\/media?parent=242"}],"curies":[{"name":"wp","href":"https:\/\/api.w.org\/{rel}","templated":true}]}}