{"id":281,"date":"2024-06-07T15:34:40","date_gmt":"2024-06-07T13:34:40","guid":{"rendered":"https:\/\/remi-junquera.com\/?page_id=281"},"modified":"2024-12-12T09:08:16","modified_gmt":"2024-12-12T08:08:16","slug":"formation","status":"publish","type":"page","link":"https:\/\/remi-junquera.com\/index.php\/formation\/","title":{"rendered":"Formation"},"content":{"rendered":"\n<div class=\"wp-block-cover alignfull has-parallax wp-duotone-unset-1\" style=\"padding-top:17%;padding-bottom:3rem;min-height:801px;aspect-ratio:unset;\"><span aria-hidden=\"true\" class=\"wp-block-cover__background has-black-background-color has-background-dim-60 has-background-dim\"><\/span><div class=\"wp-block-cover__image-background wp-image-366 has-parallax\" style=\"background-position:50% 50%;background-image:url(https:\/\/remi-junquera.com\/wp-content\/uploads\/2024\/06\/El-Oued-Algerie-2023-scaled.jpg)\"><\/div><div class=\"wp-block-cover__inner-container has-global-padding is-layout-constrained wp-container-core-cover-is-layout-1 wp-block-cover-is-layout-constrained\">\n<div class=\"wp-block-group has-global-padding is-layout-constrained wp-block-group-is-layout-constrained\" style=\"min-height:520px\">\n<h1 class=\"wp-block-heading has-text-align-center\">FORMATION<\/h1>\n<\/div>\n<\/div><\/div>\n\n\n\n<div style=\"height:58px\" aria-hidden=\"true\" class=\"wp-block-spacer\"><\/div>\n\n\n\n<div class=\"wp-block-group alignwide has-global-padding is-layout-constrained wp-block-group-is-layout-constrained\">\n<h2 class=\"wp-block-heading has-text-align-left has-text-color has-suranna-font-family\" style=\"color:#000000;margin-top:0.5rem;margin-bottom:0rem;font-size:clamp(23.54px, 1.471rem + ((1vw - 3.2px) * 1.757), 39px);letter-spacing:0px;line-height:1.3\"><strong>Int\u00e9grer l\u2019agriculture dans le projet architectural et urbain<\/strong><\/h2>\n\n\n\n<hr class=\"wp-block-separator has-alpha-channel-opacity is-style-wide\"\/>\n\n\n\n<p class=\"has-text-align-justify\"><strong>Lundi 2\u00a0et mardi 3 d\u00e9cembre 2024<\/strong><\/p>\n\n\n\n<p><strong>Marseille<\/strong><\/p>\n\n\n\n<p>La formation vise \u00e0 doter les\u00a0participants des bases indispensables pour concevoir un projet agricole en milieu urbain. Elle\u00a0enseigne une m\u00e9thode de projet bas\u00e9e sur l\u2019interdisciplinarit\u00e9 architecture, urbanisme,\u00a0agriculture, afin de proposer des solutions appropri\u00e9es.<\/p>\n\n\n\n<p>Elle concerne aussi bien les acteurs priv\u00e9s que publics, qu\u2019ils soient architectes, urbanistes, paysagistes, concepteurs, agronomes, agriculteurs, collectivit\u00e9s, charg\u00e9s d\u2019\u00e9tudes, techniciens, promoteurs, bailleurs sociaux, am\u00e9nageurs, etc.<\/p>\n\n\n\n<p>L\u2019objectif de la formation est de fournir\u00a0aux participants les comp\u00e9tences \u00e9l\u00e9mentaires pour\u00a0<strong>comprendre, promouvoir, concevoir et\u00a0mettre en \u0153uvre des projets agricoles viables \u00e0 l\u2019\u00e9chelle urbaine et architecturale.<\/strong><\/p>\n\n\n\n<p class=\"has-text-align-left\">\u2b07 <strong><strong>Renseignements et inscriptions<\/strong><\/strong> \u2b07<\/p>\n<\/div>\n\n\n\n<figure class=\"wp-block-embed is-type-wp-embed is-provider-cultures-permanentes wp-block-embed-cultures-permanentes\"><div class=\"wp-block-embed__wrapper\">\nhttps:\/\/www.cultures-permanentes.com\/evenement\/agri-archi-urbain12_24\n<\/div><\/figure>\n","protected":false},"excerpt":{"rendered":"<p>Int\u00e9grer l\u2019agriculture dans le projet architectural et urbain Lundi 2\u00a0et mardi 3 d\u00e9cembre 2024 Marseille La formation vise \u00e0 doter les\u00a0participants des bases indispensables pour concevoir un projet agricole en milieu urbain. Elle\u00a0enseigne une m\u00e9thode de projet bas\u00e9e sur l\u2019interdisciplinarit\u00e9 architecture, urbanisme,\u00a0agriculture, afin de proposer des solutions appropri\u00e9es. Elle concerne aussi bien les acteurs priv\u00e9s [&hellip;]<\/p>\n","protected":false},"author":1,"featured_media":0,"parent":0,"menu_order":0,"comment_status":"closed","ping_status":"closed","template":"","meta":{"footnotes":""},"yoast_head":"<!-- This site is optimized with the Yoast SEO plugin v22.9 - https:\/\/yoast.com\/wordpress\/plugins\/seo\/ -->\n<title>Formation | R\u00e9mi Junquera<\/title>\n<meta name=\"robots\" content=\"index, follow, max-snippet:-1, max-image-preview:large, max-video-preview:-1\" \/>\n<link rel=\"canonical\" href=\"https:\/\/remi-junquera.com\/index.php\/formation\/\" \/>\n<meta property=\"og:locale\" content=\"fr_FR\" \/>\n<meta property=\"og:type\" content=\"article\" \/>\n<meta property=\"og:title\" content=\"Formation | R\u00e9mi Junquera\" \/>\n<meta property=\"og:description\" content=\"Int\u00e9grer l\u2019agriculture dans le projet architectural et urbain Lundi 2\u00a0et mardi 3 d\u00e9cembre 2024 Marseille La formation vise \u00e0 doter les\u00a0participants des bases indispensables pour concevoir un projet agricole en milieu urbain. Elle\u00a0enseigne une m\u00e9thode de projet bas\u00e9e sur l\u2019interdisciplinarit\u00e9 architecture, urbanisme,\u00a0agriculture, afin de proposer des solutions appropri\u00e9es. Elle concerne aussi bien les acteurs priv\u00e9s [&hellip;]\" \/>\n<meta property=\"og:url\" content=\"https:\/\/remi-junquera.com\/index.php\/formation\/\" \/>\n<meta property=\"og:site_name\" content=\"R\u00e9mi Junquera\" \/>\n<meta property=\"article:modified_time\" content=\"2024-12-12T08:08:16+00:00\" \/>\n<meta property=\"og:image\" content=\"https:\/\/remi-junquera.com\/wp-content\/uploads\/2024\/06\/logo-Remi-Junquera-HD-fond-blanc.png\" \/>\n\t<meta property=\"og:image:width\" content=\"4699\" \/>\n\t<meta property=\"og:image:height\" content=\"1167\" \/>\n\t<meta property=\"og:image:type\" content=\"image\/png\" \/>\n<meta name=\"twitter:card\" content=\"summary_large_image\" \/>\n<meta name=\"twitter:label1\" content=\"Dur\u00e9e de lecture estim\u00e9e\" \/>\n\t<meta name=\"twitter:data1\" content=\"1 minute\" \/>\n<script type=\"application\/ld+json\" class=\"yoast-schema-graph\">{\"@context\":\"https:\/\/schema.org\",\"@graph\":[{\"@type\":\"WebPage\",\"@id\":\"https:\/\/remi-junquera.com\/index.php\/formation\/\",\"url\":\"https:\/\/remi-junquera.com\/index.php\/formation\/\",\"name\":\"Formation | R\u00e9mi Junquera\",\"isPartOf\":{\"@id\":\"https:\/\/remi-junquera.com\/#website\"},\"datePublished\":\"2024-06-07T13:34:40+00:00\",\"dateModified\":\"2024-12-12T08:08:16+00:00\",\"breadcrumb\":{\"@id\":\"https:\/\/remi-junquera.com\/index.php\/formation\/#breadcrumb\"},\"inLanguage\":\"fr-FR\",\"potentialAction\":[{\"@type\":\"ReadAction\",\"target\":[\"https:\/\/remi-junquera.com\/index.php\/formation\/\"]}]},{\"@type\":\"BreadcrumbList\",\"@id\":\"https:\/\/remi-junquera.com\/index.php\/formation\/#breadcrumb\",\"itemListElement\":[{\"@type\":\"ListItem\",\"position\":1,\"name\":\"Accueil\",\"item\":\"https:\/\/remi-junquera.com\/\"},{\"@type\":\"ListItem\",\"position\":2,\"name\":\"Formation\"}]},{\"@type\":\"WebSite\",\"@id\":\"https:\/\/remi-junquera.com\/#website\",\"url\":\"https:\/\/remi-junquera.com\/\",\"name\":\"R\u00e9mi Junquera\",\"description\":\"Architecture Urbanisme Agriculture\",\"publisher\":{\"@id\":\"https:\/\/remi-junquera.com\/#organization\"},\"potentialAction\":[{\"@type\":\"SearchAction\",\"target\":{\"@type\":\"EntryPoint\",\"urlTemplate\":\"https:\/\/remi-junquera.com\/?s={search_term_string}\"},\"query-input\":\"required name=search_term_string\"}],\"inLanguage\":\"fr-FR\"},{\"@type\":\"Organization\",\"@id\":\"https:\/\/remi-junquera.com\/#organization\",\"name\":\"R\u00e9mi Junquera\",\"url\":\"https:\/\/remi-junquera.com\/\",\"logo\":{\"@type\":\"ImageObject\",\"inLanguage\":\"fr-FR\",\"@id\":\"https:\/\/remi-junquera.com\/#\/schema\/logo\/image\/\",\"url\":\"https:\/\/remi-junquera.com\/wp-content\/uploads\/2024\/06\/logo-Remi-Junquera-HD.png\",\"contentUrl\":\"https:\/\/remi-junquera.com\/wp-content\/uploads\/2024\/06\/logo-Remi-Junquera-HD.png\",\"width\":4430,\"height\":947,\"caption\":\"R\u00e9mi Junquera\"},\"image\":{\"@id\":\"https:\/\/remi-junquera.com\/#\/schema\/logo\/image\/\"},\"sameAs\":[\"http:\/\/linkedin.com\/in\/r\u00e9mi-junquera\"]}]}<\/script>\n<!-- \/ Yoast SEO plugin. -->","yoast_head_json":{"title":"Formation | R\u00e9mi Junquera","robots":{"index":"index","follow":"follow","max-snippet":"max-snippet:-1","max-image-preview":"max-image-preview:large","max-video-preview":"max-video-preview:-1"},"canonical":"https:\/\/remi-junquera.com\/index.php\/formation\/","og_locale":"fr_FR","og_type":"article","og_title":"Formation | R\u00e9mi Junquera","og_description":"Int\u00e9grer l\u2019agriculture dans le projet architectural et urbain Lundi 2\u00a0et mardi 3 d\u00e9cembre 2024 Marseille La formation vise \u00e0 doter les\u00a0participants des bases indispensables pour concevoir un projet agricole en milieu urbain. Elle\u00a0enseigne une m\u00e9thode de projet bas\u00e9e sur l\u2019interdisciplinarit\u00e9 architecture, urbanisme,\u00a0agriculture, afin de proposer des solutions appropri\u00e9es. Elle concerne aussi bien les acteurs priv\u00e9s [&hellip;]","og_url":"https:\/\/remi-junquera.com\/index.php\/formation\/","og_site_name":"R\u00e9mi Junquera","article_modified_time":"2024-12-12T08:08:16+00:00","og_image":[{"width":4699,"height":1167,"url":"https:\/\/remi-junquera.com\/wp-content\/uploads\/2024\/06\/logo-Remi-Junquera-HD-fond-blanc.png","type":"image\/png"}],"twitter_card":"summary_large_image","twitter_misc":{"Dur\u00e9e de lecture estim\u00e9e":"1 minute"},"schema":{"@context":"https:\/\/schema.org","@graph":[{"@type":"WebPage","@id":"https:\/\/remi-junquera.com\/index.php\/formation\/","url":"https:\/\/remi-junquera.com\/index.php\/formation\/","name":"Formation | R\u00e9mi Junquera","isPartOf":{"@id":"https:\/\/remi-junquera.com\/#website"},"datePublished":"2024-06-07T13:34:40+00:00","dateModified":"2024-12-12T08:08:16+00:00","breadcrumb":{"@id":"https:\/\/remi-junquera.com\/index.php\/formation\/#breadcrumb"},"inLanguage":"fr-FR","potentialAction":[{"@type":"ReadAction","target":["https:\/\/remi-junquera.com\/index.php\/formation\/"]}]},{"@type":"BreadcrumbList","@id":"https:\/\/remi-junquera.com\/index.php\/formation\/#breadcrumb","itemListElement":[{"@type":"ListItem","position":1,"name":"Accueil","item":"https:\/\/remi-junquera.com\/"},{"@type":"ListItem","position":2,"name":"Formation"}]},{"@type":"WebSite","@id":"https:\/\/remi-junquera.com\/#website","url":"https:\/\/remi-junquera.com\/","name":"R\u00e9mi Junquera","description":"Architecture Urbanisme Agriculture","publisher":{"@id":"https:\/\/remi-junquera.com\/#organization"},"potentialAction":[{"@type":"SearchAction","target":{"@type":"EntryPoint","urlTemplate":"https:\/\/remi-junquera.com\/?s={search_term_string}"},"query-input":"required name=search_term_string"}],"inLanguage":"fr-FR"},{"@type":"Organization","@id":"https:\/\/remi-junquera.com\/#organization","name":"R\u00e9mi Junquera","url":"https:\/\/remi-junquera.com\/","logo":{"@type":"ImageObject","inLanguage":"fr-FR","@id":"https:\/\/remi-junquera.com\/#\/schema\/logo\/image\/","url":"https:\/\/remi-junquera.com\/wp-content\/uploads\/2024\/06\/logo-Remi-Junquera-HD.png","contentUrl":"https:\/\/remi-junquera.com\/wp-content\/uploads\/2024\/06\/logo-Remi-Junquera-HD.png","width":4430,"height":947,"caption":"R\u00e9mi Junquera"},"image":{"@id":"https:\/\/remi-junquera.com\/#\/schema\/logo\/image\/"},"sameAs":["http:\/\/linkedin.com\/in\/r\u00e9mi-junquera"]}]}},"jetpack_sharing_enabled":true,"_links":{"self":[{"href":"https:\/\/remi-junquera.com\/index.php\/wp-json\/wp\/v2\/pages\/281"}],"collection":[{"href":"https:\/\/remi-junquera.com\/index.php\/wp-json\/wp\/v2\/pages"}],"about":[{"href":"https:\/\/remi-junquera.com\/index.php\/wp-json\/wp\/v2\/types\/page"}],"author":[{"embeddable":true,"href":"https:\/\/remi-junquera.com\/index.php\/wp-json\/wp\/v2\/users\/1"}],"replies":[{"embeddable":true,"href":"https:\/\/remi-junquera.com\/index.php\/wp-json\/wp\/v2\/comments?post=281"}],"version-history":[{"count":36,"href":"https:\/\/remi-junquera.com\/index.php\/wp-json\/wp\/v2\/pages\/281\/revisions"}],"predecessor-version":[{"id":1285,"href":"https:\/\/remi-junquera.com\/index.php\/wp-json\/wp\/v2\/pages\/281\/revisions\/1285"}],"wp:attachment":[{"href":"https:\/\/remi-junquera.com\/index.php\/wp-json\/wp\/v2\/media?parent=281"}],"curies":[{"name":"wp","href":"https:\/\/api.w.org\/{rel}","templated":true}]}}