{"id":338,"date":"2024-06-10T07:57:35","date_gmt":"2024-06-10T05:57:35","guid":{"rendered":"https:\/\/remi-junquera.com\/?page_id=338"},"modified":"2025-04-11T09:07:46","modified_gmt":"2025-04-11T07:07:46","slug":"publications","status":"publish","type":"page","link":"https:\/\/remi-junquera.com\/index.php\/publications\/","title":{"rendered":"Publications"},"content":{"rendered":"\n<div class=\"wp-block-cover alignfull has-parallax wp-duotone-unset-1\" style=\"padding-top:17%;padding-bottom:3rem;min-height:801px;aspect-ratio:unset;\"><span aria-hidden=\"true\" class=\"wp-block-cover__background has-black-background-color has-background-dim-40 has-background-dim\"><\/span><div role=\"img\" aria-label=\"black text on gray background\" class=\"wp-block-cover__image-background wp-image-430 has-parallax\" style=\"background-position:50% 50%;background-image:url(https:\/\/remi-junquera.com\/wp-content\/uploads\/2024\/06\/pexels-photo-261763.jpeg)\"><\/div><div class=\"wp-block-cover__inner-container has-global-padding is-layout-constrained wp-container-core-cover-is-layout-1 wp-block-cover-is-layout-constrained\">\n<div class=\"wp-block-group has-global-padding is-layout-constrained wp-block-group-is-layout-constrained\" style=\"min-height:520px\">\n<h1 class=\"wp-block-heading alignwide has-text-align-center\">PUBLICATIONS<\/h1>\n<\/div>\n<\/div><\/div>\n\n\n\n<div class=\"wp-block-group has-global-padding is-layout-constrained wp-block-group-is-layout-constrained\">\n<div style=\"height:58px\" aria-hidden=\"true\" class=\"wp-block-spacer\"><\/div>\n\n\n\n<h3 class=\"wp-block-heading\"><strong>Publications <\/strong><\/h3>\n\n\n\n<hr class=\"wp-block-separator has-alpha-channel-opacity is-style-wide\"\/>\n\n\n\n<p><a href=\"about:blank\">Donner aux architectes les informations cl\u00e9s sur les fermes urbaines<br><\/a>Le Moniteur, 25 f\u00e9vrier 2022, n\u00b06180, propos recueillis par Milena Chessa<\/p>\n\n\n\n<p class=\"has-text-align-justify\"><a href=\"https:\/\/www.philau.archi.fr\/\">Faire-recherche doctorale pour renouveler le faire dans les agences d\u2019architecture<br><\/a>par Olivier Bala\u00ff, R\u00e9mi Junquera, Charlotte Laffont et Mathilde Padilla, Le Philotope n\u00b014, Les synergies \u00e0 l\u2019\u0153uvre pour faire-recherche en architecture<\/p>\n\n\n\n<p class=\"has-text-align-justify\"><a href=\"http:\/\/journals.openedition.org\/tem\/6016\">Et la ferme de proximit\u00e9 devint l\u2019unit\u00e9 la plus attrayante de la ville<br><\/a>par R\u00e9mi Junquera et Olivier Bala\u00ff dans Territoire en mouvement, article mis en ligne le 13 f\u00e9vrier 2020<\/p>\n\n\n\n<div style=\"height:58px\" aria-hidden=\"true\" class=\"wp-block-spacer\"><\/div>\n\n\n\n<h3 class=\"wp-block-heading\"><strong>Conf\u00e9rences <\/strong><\/h3>\n\n\n\n<hr class=\"wp-block-separator has-alpha-channel-opacity is-style-wide\"\/>\n\n\n\n<p class=\"has-text-align-justify\">Journ\u00e9e technique de l\u2019urbanisme circulaire, organis\u00e9es par EnvroBat BDM et Raediviva \u00e0 Marseille<\/p>\n\n\n\n<p class=\"has-text-align-justify\">Journ\u00e9es des agricultures urbaines en M\u00e9diterran\u00e9e, organis\u00e9es par Astredhors, AFAUP, AVITEM, Cit\u00e9 de l\u2019agriculture et le laboratoire TELEMMe, \u00e0 Marseille<\/p>\n\n\n\n<p class=\"has-text-align-justify\">Pour une histoire sensorielle de Lyon, colloque organis\u00e9 par la Maison des sciences de l\u2019homme de Lyon St-\u00c9tienne<\/p>\n\n\n\n<p class=\"has-text-align-justify\">De l\u2019exp\u00e9rience \u00e0 l\u2019exp\u00e9rimentation : aller-retour entre conception en architecture et cr\u00e9ation de connaissances, colloque organis\u00e9 par la Maison des sciences de l\u2019homme de Lyon St-\u00c9tienne<\/p>\n\n\n\n<p class=\"has-text-align-justify\">Habiter une ferme urbaine, revue de projets organis\u00e9e par VAD Ville et Am\u00e9nagement Durable et port\u00e9e par la R\u00e9gion Auvergne Rh\u00f4ne-Alpes, \u00e0 Lyon<\/p>\n\n\n\n<p class=\"has-text-align-justify\">Exp\u00e9rimentations de fermes urbaines, les ambiances comme m\u00e9thodes de projet, T2020, colloque international organis\u00e9 par les laboratoires CERTOP et LISST, \u00e0 Toulouse (report\u00e9 en visioconf\u00e9rence)<\/p>\n\n\n\n<p class=\"has-text-align-justify\">Colloque Architecture et Marges. Le low-tech dans tous ses \u00e9tats, colloque organis\u00e9 par Ressources, ENSA Clermont-Ferrand<\/p>\n\n\n\n<p class=\"has-text-align-justify\">Dessiner des (\u00e9co)syst\u00e8mes agro-urbains r\u00e9silients. Urbanisme, architecture et agriculture au d\u00e9fi du changement climatique, symposium international organis\u00e9 par l\u2019ENAC-EPFL &amp; ENEC-Sorbonne Universit\u00e9, \u00e0 Agadir (Maroc).<\/p>\n\n\n\n<div style=\"height:58px\" aria-hidden=\"true\" class=\"wp-block-spacer\"><\/div>\n\n\n\n<h3 class=\"wp-block-heading\"><strong>Distinctions <\/strong><\/h3>\n\n\n\n<hr class=\"wp-block-separator has-alpha-channel-opacity is-style-wide\"\/>\n\n\n\n<p class=\"has-text-align-justify\">Troph\u00e9e de l\u2019environnement, pour le projet de la ferme urbaine des Girondins, \u00e9v\u00e9nement organis\u00e9 par Le Progr\u00e8s et le club de l\u2019Ours.<\/p>\n\n\n\n<p class=\"has-text-align-justify\">Prix de l\u2019habitat responsable et innovant, pour le projet de la ferme urbaine des Girondins, \u00e9v\u00e8nement organis\u00e9 par l\u2019ESSEC et la Ville de Paris.<\/p>\n<\/div>\n\n\n\n<div style=\"height:58px\" aria-hidden=\"true\" class=\"wp-block-spacer\"><\/div>\n\n\n\n<hr class=\"wp-block-separator alignfull has-alpha-channel-opacity\"\/>\n","protected":false},"excerpt":{"rendered":"<p>Publications Donner aux architectes les informations cl\u00e9s sur les fermes urbainesLe Moniteur, 25 f\u00e9vrier 2022, n\u00b06180, propos recueillis par Milena Chessa Faire-recherche doctorale pour renouveler le faire dans les agences d\u2019architecturepar Olivier Bala\u00ff, R\u00e9mi Junquera, Charlotte Laffont et Mathilde Padilla, Le Philotope n\u00b014, Les synergies \u00e0 l\u2019\u0153uvre pour faire-recherche en architecture Et la ferme de [&hellip;]<\/p>\n","protected":false},"author":1,"featured_media":0,"parent":0,"menu_order":0,"comment_status":"closed","ping_status":"closed","template":"","meta":{"footnotes":""},"yoast_head":"<!-- This site is optimized with the Yoast SEO plugin v22.9 - https:\/\/yoast.com\/wordpress\/plugins\/seo\/ -->\n<title>Publications | R\u00e9mi Junquera<\/title>\n<meta name=\"robots\" content=\"index, follow, max-snippet:-1, max-image-preview:large, max-video-preview:-1\" \/>\n<link rel=\"canonical\" href=\"https:\/\/remi-junquera.com\/index.php\/publications\/\" \/>\n<meta property=\"og:locale\" content=\"fr_FR\" \/>\n<meta property=\"og:type\" content=\"article\" \/>\n<meta property=\"og:title\" content=\"Publications | R\u00e9mi Junquera\" \/>\n<meta property=\"og:description\" content=\"Publications Donner aux architectes les informations cl\u00e9s sur les fermes urbainesLe Moniteur, 25 f\u00e9vrier 2022, n\u00b06180, propos recueillis par Milena Chessa Faire-recherche doctorale pour renouveler le faire dans les agences d\u2019architecturepar Olivier Bala\u00ff, R\u00e9mi Junquera, Charlotte Laffont et Mathilde Padilla, Le Philotope n\u00b014, Les synergies \u00e0 l\u2019\u0153uvre pour faire-recherche en architecture Et la ferme de [&hellip;]\" \/>\n<meta property=\"og:url\" content=\"https:\/\/remi-junquera.com\/index.php\/publications\/\" \/>\n<meta property=\"og:site_name\" content=\"R\u00e9mi Junquera\" \/>\n<meta property=\"article:modified_time\" content=\"2025-04-11T07:07:46+00:00\" \/>\n<meta property=\"og:image\" content=\"https:\/\/remi-junquera.com\/wp-content\/uploads\/2024\/06\/logo-Remi-Junquera-HD-fond-blanc.png\" \/>\n\t<meta property=\"og:image:width\" content=\"4699\" \/>\n\t<meta property=\"og:image:height\" content=\"1167\" \/>\n\t<meta property=\"og:image:type\" content=\"image\/png\" \/>\n<meta name=\"twitter:card\" content=\"summary_large_image\" \/>\n<meta name=\"twitter:label1\" content=\"Dur\u00e9e de lecture estim\u00e9e\" \/>\n\t<meta name=\"twitter:data1\" content=\"2 minutes\" \/>\n<script type=\"application\/ld+json\" class=\"yoast-schema-graph\">{\"@context\":\"https:\/\/schema.org\",\"@graph\":[{\"@type\":\"WebPage\",\"@id\":\"https:\/\/remi-junquera.com\/index.php\/publications\/\",\"url\":\"https:\/\/remi-junquera.com\/index.php\/publications\/\",\"name\":\"Publications | R\u00e9mi Junquera\",\"isPartOf\":{\"@id\":\"https:\/\/remi-junquera.com\/#website\"},\"datePublished\":\"2024-06-10T05:57:35+00:00\",\"dateModified\":\"2025-04-11T07:07:46+00:00\",\"breadcrumb\":{\"@id\":\"https:\/\/remi-junquera.com\/index.php\/publications\/#breadcrumb\"},\"inLanguage\":\"fr-FR\",\"potentialAction\":[{\"@type\":\"ReadAction\",\"target\":[\"https:\/\/remi-junquera.com\/index.php\/publications\/\"]}]},{\"@type\":\"BreadcrumbList\",\"@id\":\"https:\/\/remi-junquera.com\/index.php\/publications\/#breadcrumb\",\"itemListElement\":[{\"@type\":\"ListItem\",\"position\":1,\"name\":\"Accueil\",\"item\":\"https:\/\/remi-junquera.com\/\"},{\"@type\":\"ListItem\",\"position\":2,\"name\":\"Publications\"}]},{\"@type\":\"WebSite\",\"@id\":\"https:\/\/remi-junquera.com\/#website\",\"url\":\"https:\/\/remi-junquera.com\/\",\"name\":\"R\u00e9mi Junquera\",\"description\":\"Architecture Urbanisme Agriculture\",\"publisher\":{\"@id\":\"https:\/\/remi-junquera.com\/#organization\"},\"potentialAction\":[{\"@type\":\"SearchAction\",\"target\":{\"@type\":\"EntryPoint\",\"urlTemplate\":\"https:\/\/remi-junquera.com\/?s={search_term_string}\"},\"query-input\":\"required name=search_term_string\"}],\"inLanguage\":\"fr-FR\"},{\"@type\":\"Organization\",\"@id\":\"https:\/\/remi-junquera.com\/#organization\",\"name\":\"R\u00e9mi Junquera\",\"url\":\"https:\/\/remi-junquera.com\/\",\"logo\":{\"@type\":\"ImageObject\",\"inLanguage\":\"fr-FR\",\"@id\":\"https:\/\/remi-junquera.com\/#\/schema\/logo\/image\/\",\"url\":\"https:\/\/remi-junquera.com\/wp-content\/uploads\/2024\/06\/logo-Remi-Junquera-HD.png\",\"contentUrl\":\"https:\/\/remi-junquera.com\/wp-content\/uploads\/2024\/06\/logo-Remi-Junquera-HD.png\",\"width\":4430,\"height\":947,\"caption\":\"R\u00e9mi Junquera\"},\"image\":{\"@id\":\"https:\/\/remi-junquera.com\/#\/schema\/logo\/image\/\"},\"sameAs\":[\"http:\/\/linkedin.com\/in\/r\u00e9mi-junquera\"]}]}<\/script>\n<!-- \/ Yoast SEO plugin. -->","yoast_head_json":{"title":"Publications | R\u00e9mi Junquera","robots":{"index":"index","follow":"follow","max-snippet":"max-snippet:-1","max-image-preview":"max-image-preview:large","max-video-preview":"max-video-preview:-1"},"canonical":"https:\/\/remi-junquera.com\/index.php\/publications\/","og_locale":"fr_FR","og_type":"article","og_title":"Publications | R\u00e9mi Junquera","og_description":"Publications Donner aux architectes les informations cl\u00e9s sur les fermes urbainesLe Moniteur, 25 f\u00e9vrier 2022, n\u00b06180, propos recueillis par Milena Chessa Faire-recherche doctorale pour renouveler le faire dans les agences d\u2019architecturepar Olivier Bala\u00ff, R\u00e9mi Junquera, Charlotte Laffont et Mathilde Padilla, Le Philotope n\u00b014, Les synergies \u00e0 l\u2019\u0153uvre pour faire-recherche en architecture Et la ferme de [&hellip;]","og_url":"https:\/\/remi-junquera.com\/index.php\/publications\/","og_site_name":"R\u00e9mi Junquera","article_modified_time":"2025-04-11T07:07:46+00:00","og_image":[{"width":4699,"height":1167,"url":"https:\/\/remi-junquera.com\/wp-content\/uploads\/2024\/06\/logo-Remi-Junquera-HD-fond-blanc.png","type":"image\/png"}],"twitter_card":"summary_large_image","twitter_misc":{"Dur\u00e9e de lecture estim\u00e9e":"2 minutes"},"schema":{"@context":"https:\/\/schema.org","@graph":[{"@type":"WebPage","@id":"https:\/\/remi-junquera.com\/index.php\/publications\/","url":"https:\/\/remi-junquera.com\/index.php\/publications\/","name":"Publications | R\u00e9mi Junquera","isPartOf":{"@id":"https:\/\/remi-junquera.com\/#website"},"datePublished":"2024-06-10T05:57:35+00:00","dateModified":"2025-04-11T07:07:46+00:00","breadcrumb":{"@id":"https:\/\/remi-junquera.com\/index.php\/publications\/#breadcrumb"},"inLanguage":"fr-FR","potentialAction":[{"@type":"ReadAction","target":["https:\/\/remi-junquera.com\/index.php\/publications\/"]}]},{"@type":"BreadcrumbList","@id":"https:\/\/remi-junquera.com\/index.php\/publications\/#breadcrumb","itemListElement":[{"@type":"ListItem","position":1,"name":"Accueil","item":"https:\/\/remi-junquera.com\/"},{"@type":"ListItem","position":2,"name":"Publications"}]},{"@type":"WebSite","@id":"https:\/\/remi-junquera.com\/#website","url":"https:\/\/remi-junquera.com\/","name":"R\u00e9mi Junquera","description":"Architecture Urbanisme Agriculture","publisher":{"@id":"https:\/\/remi-junquera.com\/#organization"},"potentialAction":[{"@type":"SearchAction","target":{"@type":"EntryPoint","urlTemplate":"https:\/\/remi-junquera.com\/?s={search_term_string}"},"query-input":"required name=search_term_string"}],"inLanguage":"fr-FR"},{"@type":"Organization","@id":"https:\/\/remi-junquera.com\/#organization","name":"R\u00e9mi Junquera","url":"https:\/\/remi-junquera.com\/","logo":{"@type":"ImageObject","inLanguage":"fr-FR","@id":"https:\/\/remi-junquera.com\/#\/schema\/logo\/image\/","url":"https:\/\/remi-junquera.com\/wp-content\/uploads\/2024\/06\/logo-Remi-Junquera-HD.png","contentUrl":"https:\/\/remi-junquera.com\/wp-content\/uploads\/2024\/06\/logo-Remi-Junquera-HD.png","width":4430,"height":947,"caption":"R\u00e9mi Junquera"},"image":{"@id":"https:\/\/remi-junquera.com\/#\/schema\/logo\/image\/"},"sameAs":["http:\/\/linkedin.com\/in\/r\u00e9mi-junquera"]}]}},"jetpack_sharing_enabled":true,"_links":{"self":[{"href":"https:\/\/remi-junquera.com\/index.php\/wp-json\/wp\/v2\/pages\/338"}],"collection":[{"href":"https:\/\/remi-junquera.com\/index.php\/wp-json\/wp\/v2\/pages"}],"about":[{"href":"https:\/\/remi-junquera.com\/index.php\/wp-json\/wp\/v2\/types\/page"}],"author":[{"embeddable":true,"href":"https:\/\/remi-junquera.com\/index.php\/wp-json\/wp\/v2\/users\/1"}],"replies":[{"embeddable":true,"href":"https:\/\/remi-junquera.com\/index.php\/wp-json\/wp\/v2\/comments?post=338"}],"version-history":[{"count":8,"href":"https:\/\/remi-junquera.com\/index.php\/wp-json\/wp\/v2\/pages\/338\/revisions"}],"predecessor-version":[{"id":1395,"href":"https:\/\/remi-junquera.com\/index.php\/wp-json\/wp\/v2\/pages\/338\/revisions\/1395"}],"wp:attachment":[{"href":"https:\/\/remi-junquera.com\/index.php\/wp-json\/wp\/v2\/media?parent=338"}],"curies":[{"name":"wp","href":"https:\/\/api.w.org\/{rel}","templated":true}]}}